000
CDUS41 KALY 080637
CLIPOU


CLIMATE REPORT
NATIONAL WEATHER SERVICE ALBANY NY
236 AM EDT SUN APR 8 2018


...................................

...THE POUGHKEEPSIE NY CLIMATE SUMMARY FOR APRIL 7 2018...

CLIMATE NORMAL PERIOD 1981 TO 2010
CLIMATE RECORD PERIOD 1949 TO 2018


WEATHER ITEM   OBSERVED TIME   RECORD YEAR NORMAL DEPARTURE LAST
                VALUE   (LST)  VALUE       VALUE  FROM      YEAR
                                                  NORMAL
..................................................................
TEMPERATURE (F)
 YESTERDAY
  MAXIMUM         46    217 PM  90    2010  57    -11       50
  MINIMUM         30   1159 PM  17    1982  34     -4       39
  AVERAGE         38                        45     -7       45

PRECIPITATION (IN)
  YESTERDAY        0.02          1.61 1953   0.13  -0.11      T
  MONTH TO DATE    0.76                      0.89  -0.13     1.21
  SINCE MAR 1      2.99                      4.46  -1.47     6.52
  SINCE JAN 1     10.35                     10.20   0.15    11.39

DEGREE DAYS
 HEATING
  YESTERDAY       27                        20      7       20
  MONTH TO DATE  184                       146     38      135
  SINCE MAR 1   1032                      1020     12     1130
  SINCE JUL 1   5344                      5591   -247     5172

 COOLING
  YESTERDAY        0                         0      0        0
  MONTH TO DATE    0                         0      0        0
  SINCE MAR 1      0                         0      0        0
  SINCE JAN 1      0                         0      0        0
..................................................................


WIND (MPH)
  HIGHEST WIND SPEED    17   HIGHEST WIND DIRECTION    NW (320)
  HIGHEST GUST SPEED    22   HIGHEST GUST DIRECTION    NW (330)
  AVERAGE WIND SPEED     7.4


SKY COVER
  AVERAGE SKY COVER 0.4



RELATIVE HUMIDITY (PERCENT)
 HIGHEST    85           100 AM
 LOWEST     28           400 PM
 AVERAGE    57

..........................................................


THE POUGHKEEPSIE NY CLIMATE NORMALS FOR TODAY
                         NORMAL    RECORD    YEAR
 MAXIMUM TEMPERATURE (F)   58        84      2010
                                             1991
 MINIMUM TEMPERATURE (F)   34        21      1982


SUNRISE AND SUNSET
APRIL  8 2018.........SUNRISE   627 AM EDT   SUNSET   729 PM EDT
APRIL  9 2018.........SUNRISE   625 AM EDT   SUNSET   730 PM EDT


-  INDICATES NEGATIVE NUMBERS.
R  INDICATES RECORD WAS SET OR TIED.
MM INDICATES DATA IS MISSING.
T  INDICATES TRACE AMOUNT.




RECORDS FOR KPOU DATE BACK TO 1949...
HOWEVER...DATA IS MISSING FROM JANUARY 1993 - JULY 2000.
$$
