000
CDUS41 KALY 120622
CLIPOU


CLIMATE REPORT
NATIONAL WEATHER SERVICE ALBANY NY
221 AM EDT THU APR 12 2018


...................................

...THE POUGHKEEPSIE NY CLIMATE SUMMARY FOR APRIL 11 2018...

CLIMATE NORMAL PERIOD 1981 TO 2010
CLIMATE RECORD PERIOD 1949 TO 2018


WEATHER ITEM   OBSERVED TIME   RECORD YEAR NORMAL DEPARTURE LAST
                VALUE   (LST)  VALUE       VALUE  FROM      YEAR
                                                  NORMAL
..................................................................
TEMPERATURE (F)
 YESTERDAY
  MAXIMUM         51    307 PM  86    2017  59     -8       86
  MINIMUM         22    558 AM  21    2007  35    -13       47
  AVERAGE         37                        47    -10       67

PRECIPITATION (IN)
  YESTERDAY        0.00          1.38 1958   0.13  -0.13     0.00
  MONTH TO DATE    0.76                      1.41  -0.65     1.21
  SINCE MAR 1      2.99                      4.98  -1.99     6.52
  SINCE JAN 1     10.35                     10.72  -0.37    11.39

DEGREE DAYS
 HEATING
  YESTERDAY       28                        18     10        0
  MONTH TO DATE  301                       220     81      181
  SINCE MAR 1   1149                      1094     55     1176
  SINCE JUL 1   5461                      5665   -204     5218

 COOLING
  YESTERDAY        0                         0      0        2
  MONTH TO DATE    0                         0      0        2
  SINCE MAR 1      0                         0      0        2
  SINCE JAN 1      0                         0      0        2
..................................................................


WIND (MPH)
  HIGHEST WIND SPEED    18   HIGHEST WIND DIRECTION    SW (240)
  HIGHEST GUST SPEED    24   HIGHEST GUST DIRECTION     W (250)
  AVERAGE WIND SPEED     3.4


SKY COVER
  AVERAGE SKY COVER 0.4



RELATIVE HUMIDITY (PERCENT)
 HIGHEST    92           500 AM
 LOWEST     28          1100 AM
 AVERAGE    60

..........................................................


THE POUGHKEEPSIE NY CLIMATE NORMALS FOR TODAY
                         NORMAL    RECORD    YEAR
 MAXIMUM TEMPERATURE (F)   59        88      1977
 MINIMUM TEMPERATURE (F)   36        21      1952


SUNRISE AND SUNSET
APRIL 12 2018.........SUNRISE   620 AM EDT   SUNSET   733 PM EDT
APRIL 13 2018.........SUNRISE   619 AM EDT   SUNSET   734 PM EDT


-  INDICATES NEGATIVE NUMBERS.
R  INDICATES RECORD WAS SET OR TIED.
MM INDICATES DATA IS MISSING.
T  INDICATES TRACE AMOUNT.




RECORDS FOR KPOU DATE BACK TO 1949...
HOWEVER...DATA IS MISSING FROM JANUARY 1993 - JULY 2000.
$$
