000
CDUS41 KALY 180623
CLIPOU


CLIMATE REPORT
NATIONAL WEATHER SERVICE ALBANY NY
222 AM EDT FRI MAY 18 2018


...................................

...THE POUGHKEEPSIE NY CLIMATE SUMMARY FOR MAY 17 2018...

CLIMATE NORMAL PERIOD 1981 TO 2010
CLIMATE RECORD PERIOD 1931 TO 2018


WEATHER ITEM   OBSERVED TIME   RECORD YEAR NORMAL DEPARTURE LAST
                VALUE   (LST)  VALUE       VALUE  FROM      YEAR
                                                  NORMAL
..................................................................
TEMPERATURE (F)
 YESTERDAY
  MAXIMUM         74    405 PM  92    2017  72      2       92
  MINIMUM         57    655 AM  31    1983  47     10       49
                                      1956
  AVERAGE         66                        59      7       71

PRECIPITATION (IN)
  YESTERDAY        0.10          1.75 1991   0.15  -0.05     0.00
  MONTH TO DATE    2.30                      2.23   0.07     3.08
  SINCE MAR 1      8.10                      9.58  -1.48    10.77
  SINCE JAN 1     15.46                     15.32   0.14    15.64

DEGREE DAYS
 HEATING
  YESTERDAY        0                         7     -7        0
  MONTH TO DATE   71                       151    -80      200
  SINCE MAR 1   1564                      1519     45     1562
  SINCE JUL 1   5876                      6090   -214     5604

 COOLING
  YESTERDAY        1                         1      0        6
  MONTH TO DATE   32                        11     21        6
  SINCE MAR 1     32                        16     16       23
  SINCE JAN 1     32                        16     16       23
..................................................................


WIND (MPH)
  HIGHEST WIND SPEED     7   HIGHEST WIND DIRECTION    SW (240)
  HIGHEST GUST SPEED     9   HIGHEST GUST DIRECTION    SW (240)
  AVERAGE WIND SPEED     0.6


SKY COVER
  AVERAGE SKY COVER 0.5



RELATIVE HUMIDITY (PERCENT)
 HIGHEST    97          1100 PM
 LOWEST     61           500 PM
 AVERAGE    79

..........................................................


THE POUGHKEEPSIE NY CLIMATE NORMALS FOR TODAY
                         NORMAL    RECORD    YEAR
 MAXIMUM TEMPERATURE (F)   72        96      1962
 MINIMUM TEMPERATURE (F)   47        30      1983


SUNRISE AND SUNSET
MAY 18 2018...........SUNRISE   533 AM EDT   SUNSET   811 PM EDT
MAY 19 2018...........SUNRISE   532 AM EDT   SUNSET   812 PM EDT


-  INDICATES NEGATIVE NUMBERS.
R  INDICATES RECORD WAS SET OR TIED.
MM INDICATES DATA IS MISSING.
T  INDICATES TRACE AMOUNT.




$$
