818
CDUS41 KALY 160625
CLIPOU


CLIMATE REPORT
NATIONAL WEATHER SERVICE ALBANY NY
222 AM EDT WED MAY 16 2018


...................................

...THE POUGHKEEPSIE NY CLIMATE SUMMARY FOR MAY 15 2018...

CLIMATE NORMAL PERIOD 1981 TO 2010
CLIMATE RECORD PERIOD 1931 TO 2018


WEATHER ITEM   OBSERVED TIME   RECORD YEAR NORMAL DEPARTURE LAST
                VALUE   (LST)  VALUE       VALUE  FROM      YEAR
                                                  NORMAL
..................................................................
TEMPERATURE (F)
 YESTERDAY
  MAXIMUM         89R   206 PM  88    2007  71     18       67
                                      2004
  MINIMUM         54   1157 PM  31    1996  46      8       47
  AVERAGE         72                        58     14       57

PRECIPITATION (IN)
  YESTERDAY        1.21          1.53 1938   0.15   1.06     0.00
  MONTH TO DATE    2.17                      1.94   0.23     3.08
  SINCE MAR 1      7.97                      9.29  -1.32    10.77
  SINCE JAN 1     15.33                     15.03   0.30    15.64

DEGREE DAYS
 HEATING
  YESTERDAY        0                         7     -7        8
  MONTH TO DATE   66                       137    -71      194
  SINCE MAR 1   1559                      1505     54     1556
  SINCE JUL 1   5871                      6076   -205     5598

 COOLING
  YESTERDAY        7                         1      6        0
  MONTH TO DATE   31                         9     22        0
  SINCE MAR 1     31                        14     17       17
  SINCE JAN 1     31                        14     17       17
..................................................................


WIND (MPH)
  HIGHEST WIND SPEED    38   HIGHEST WIND DIRECTION    NW (320)
  HIGHEST GUST SPEED    54   HIGHEST GUST DIRECTION     N (340)
  AVERAGE WIND SPEED     4.3


SKY COVER
  AVERAGE SKY COVER 0.2



RELATIVE HUMIDITY (PERCENT)
 HIGHEST   100           400 AM
 LOWEST     43           300 PM
 AVERAGE    72

..........................................................


THE POUGHKEEPSIE NY CLIMATE NORMALS FOR TODAY
                         NORMAL    RECORD    YEAR
 MAXIMUM TEMPERATURE (F)   71        89      1951
 MINIMUM TEMPERATURE (F)   46        34      1939


SUNRISE AND SUNSET
MAY 16 2018...........SUNRISE   535 AM EDT   SUNSET   809 PM EDT
MAY 17 2018...........SUNRISE   534 AM EDT   SUNSET   810 PM EDT


-  INDICATES NEGATIVE NUMBERS.
R  INDICATES RECORD WAS SET OR TIED.
MM INDICATES DATA IS MISSING.
T  INDICATES TRACE AMOUNT.




$$
