779
CDUS41 KALY 160623
CLIPOU


CLIMATE REPORT
NATIONAL WEATHER SERVICE ALBANY NY
222 AM EDT MON APR 16 2018


...................................

...THE POUGHKEEPSIE NY CLIMATE SUMMARY FOR APRIL 15 2018...

CLIMATE NORMAL PERIOD 1981 TO 2010
CLIMATE RECORD PERIOD 1931 TO 2018


WEATHER ITEM   OBSERVED TIME   RECORD YEAR NORMAL DEPARTURE LAST
                VALUE   (LST)  VALUE       VALUE  FROM      YEAR
                                                  NORMAL
..................................................................
TEMPERATURE (F)
 YESTERDAY
  MAXIMUM         41    245 PM  90    1941  61    -20       67
  MINIMUM         33   1106 PM  20    1943  37     -4       35
  AVERAGE         37                        49    -12       51

PRECIPITATION (IN)
  YESTERDAY        0.12          3.65 2007   0.12   0.00     0.00
  MONTH TO DATE    0.90                      1.93  -1.03     1.30
  SINCE MAR 1      3.13                      5.50  -2.37     6.61
  SINCE JAN 1     10.49                     11.24  -0.75    11.48

DEGREE DAYS
 HEATING
  YESTERDAY       28                        16     12       14
  MONTH TO DATE  371                       288     83      235
  SINCE MAR 1   1219                      1162     57     1230
  SINCE JUL 1   5531                      5733   -202     5272

 COOLING
  YESTERDAY        0                         0      0        0
  MONTH TO DATE    0                         0      0        2
  SINCE MAR 1      0                         0      0        2
  SINCE JAN 1      0                         0      0        2
..................................................................


WIND (MPH)
  HIGHEST WIND SPEED    21   HIGHEST WIND DIRECTION     E (70)
  HIGHEST GUST SPEED    29   HIGHEST GUST DIRECTION    NE (60)
  AVERAGE WIND SPEED     9.8


SKY COVER
  AVERAGE SKY COVER 1.0



RELATIVE HUMIDITY (PERCENT)
 HIGHEST    89           900 PM
 LOWEST     54          1100 AM
 AVERAGE    72

..........................................................


THE POUGHKEEPSIE NY CLIMATE NORMALS FOR TODAY
                         NORMAL    RECORD    YEAR
 MAXIMUM TEMPERATURE (F)   61        91      2012
 MINIMUM TEMPERATURE (F)   37        20      1943


SUNRISE AND SUNSET
APRIL 16 2018.........SUNRISE   614 AM EDT   SUNSET   737 PM EDT
APRIL 17 2018.........SUNRISE   613 AM EDT   SUNSET   738 PM EDT


-  INDICATES NEGATIVE NUMBERS.
R  INDICATES RECORD WAS SET OR TIED.
MM INDICATES DATA IS MISSING.
T  INDICATES TRACE AMOUNT.




$$
