885
CDUS41 KALY 242040
CLIPOU


CLIMATE REPORT
NATIONAL WEATHER SERVICE ALBANY NY
440 PM EDT THU MAY 24 2018


...................................

...THE POUGHKEEPSIE NY CLIMATE SUMMARY FOR MAY 24 2018...
VALID TODAY AS OF 0400 PM LOCAL TIME.

CLIMATE NORMAL PERIOD 1981 TO 2010
CLIMATE RECORD PERIOD 1931 TO 2018


WEATHER ITEM   OBSERVED TIME   RECORD YEAR NORMAL DEPARTURE LAST
                VALUE   (LST)  VALUE       VALUE  FROM      YEAR
                                                  NORMAL
..................................................................
TEMPERATURE (F)
 TODAY
  MAXIMUM         82    326 PM  92    1975  74      8       74
  MINIMUM         49    459 AM  27    1963  49      0       52
  AVERAGE         66                        61      5       63

PRECIPITATION (IN)
  TODAY            0.00          2.11 1979   0.17  -0.17     0.00
  MONTH TO DATE    3.06                      3.30  -0.24     3.50
  SINCE MAR 1      8.86                     10.65  -1.79    11.19
  SINCE JAN 1     16.22                     16.39  -0.17    16.06

DEGREE DAYS
 HEATING
  TODAY            0                         5     -5        2
  MONTH TO DATE   95                       192    -97      232
  SINCE MAR 1   1588                      1560     28     1594
  SINCE JUL 1   5900                      6131   -231     5636

 COOLING
  TODAY            1                         1      0        0
  MONTH TO DATE   38                        18     20       29
  SINCE MAR 1     38                        23     15       46
  SINCE JAN 1     38                        23     15       46
..................................................................


WIND (MPH)
  HIGHEST WIND SPEED     9   HIGHEST WIND DIRECTION    NW (320)
  HIGHEST GUST SPEED    MM   HIGHEST GUST DIRECTION    MM
  AVERAGE WIND SPEED     3.2


SKY COVER
  AVERAGE SKY COVER 0.0



RELATIVE HUMIDITY (PERCENT)
 HIGHEST    93           500 AM
 LOWEST     23           200 PM
 AVERAGE    58

..........................................................


THE POUGHKEEPSIE NY CLIMATE NORMALS FOR TOMORROW
                         NORMAL    RECORD    YEAR
 MAXIMUM TEMPERATURE (F)   74        91      1981
 MINIMUM TEMPERATURE (F)   49        27      1956


SUNRISE AND SUNSET
MAY 24 2018...........SUNRISE   528 AM EDT   SUNSET   817 PM EDT
MAY 25 2018...........SUNRISE   528 AM EDT   SUNSET   818 PM EDT


-  INDICATES NEGATIVE NUMBERS.
R  INDICATES RECORD WAS SET OR TIED.
MM INDICATES DATA IS MISSING.
T  INDICATES TRACE AMOUNT.




$$
