000
CDUS41 KALY 030623
CLIPOU


CLIMATE REPORT
NATIONAL WEATHER SERVICE ALBANY NY
222 AM EDT TUE APR 3 2018


...................................

...THE POUGHKEEPSIE NY CLIMATE SUMMARY FOR APRIL 2 2018...

CLIMATE NORMAL PERIOD 1981 TO 2010
CLIMATE RECORD PERIOD 1949 TO 2018


WEATHER ITEM   OBSERVED TIME   RECORD YEAR NORMAL DEPARTURE LAST
                VALUE   (LST)  VALUE       VALUE  FROM      YEAR
                                                  NORMAL
..................................................................
TEMPERATURE (F)
 YESTERDAY
  MAXIMUM         44    402 PM  79    1963  55    -11       60
  MINIMUM         29   1159 PM  14    1964  32     -3       29
  AVERAGE         37                        43     -6       45

PRECIPITATION (IN)
  YESTERDAY        0.23          2.51 1970   0.14   0.09     0.00
  MONTH TO DATE    0.23                      0.26  -0.03     0.01
  SINCE MAR 1      2.46                      3.83  -1.37     5.32
  SINCE JAN 1      9.82                      9.57   0.25    10.19

DEGREE DAYS
 HEATING
  YESTERDAY       28                        22      6       20
  MONTH TO DATE   49                        44      5       46
  SINCE MAR 1    897                       918    -21     1041
  SINCE JUL 1   5209                      5489   -280     5083

 COOLING
  YESTERDAY        0                         0      0        0
  MONTH TO DATE    0                         0      0        0
  SINCE MAR 1      0                         0      0        0
  SINCE JAN 1      0                         0      0        0
..................................................................


WIND (MPH)
  HIGHEST WIND SPEED     8   HIGHEST WIND DIRECTION     W (270)
  HIGHEST GUST SPEED    10   HIGHEST GUST DIRECTION     W (270)
  AVERAGE WIND SPEED     1.6


SKY COVER
  AVERAGE SKY COVER 0.6



RELATIVE HUMIDITY (PERCENT)
 HIGHEST    92           600 AM
 LOWEST     44          1200 AM
 AVERAGE    68

..........................................................


THE POUGHKEEPSIE NY CLIMATE NORMALS FOR TODAY
                         NORMAL    RECORD    YEAR
 MAXIMUM TEMPERATURE (F)   55        78      1981
 MINIMUM TEMPERATURE (F)   32        13      1954


SUNRISE AND SUNSET
APRIL  3 2018.........SUNRISE   635 AM EDT   SUNSET   723 PM EDT
APRIL  4 2018.........SUNRISE   634 AM EDT   SUNSET   724 PM EDT


-  INDICATES NEGATIVE NUMBERS.
R  INDICATES RECORD WAS SET OR TIED.
MM INDICATES DATA IS MISSING.
T  INDICATES TRACE AMOUNT.




RECORDS FOR KPOU DATE BACK TO 1949...
HOWEVER...DATA IS MISSING FROM JANUARY 1993 - JULY 2000.
$$
