276
CDUS41 KALY 112053
CLIPOU


CLIMATE REPORT
NATIONAL WEATHER SERVICE ALBANY NY
453 PM EDT FRI MAY 11 2018


...................................

...THE POUGHKEEPSIE NY CLIMATE SUMMARY FOR MAY 11 2018...
VALID TODAY AS OF 0400 PM LOCAL TIME.

CLIMATE NORMAL PERIOD 1981 TO 2010
CLIMATE RECORD PERIOD 1931 TO 2018


WEATHER ITEM   OBSERVED TIME   RECORD YEAR NORMAL DEPARTURE LAST
                VALUE   (LST)  VALUE       VALUE  FROM      YEAR
                                                  NORMAL
..................................................................
TEMPERATURE (F)
 TODAY
  MAXIMUM         69    339 PM  93    2000  70     -1       64
  MINIMUM         49    455 AM  28    2010  45      4       32
  AVERAGE         59                        57      2       48

PRECIPITATION (IN)
  TODAY            0.00          2.58 1981   0.13  -0.13     0.00
  MONTH TO DATE    0.74                      1.40  -0.66     1.65
  SINCE MAR 1      6.54                      8.75  -2.21     9.34
  SINCE JAN 1     13.90                     14.49  -0.59    14.21

DEGREE DAYS
 HEATING
  TODAY            6                         8     -2       17
  MONTH TO DATE   37                       106    -69      146
  SINCE MAR 1   1530                      1474     56     1508
  SINCE JUL 1   5842                      6045   -203     5550

 COOLING
  TODAY            0                         1     -1        0
  MONTH TO DATE   24                         5     19        0
  SINCE MAR 1     24                        10     14       17
  SINCE JAN 1     24                        10     14       17
..................................................................


WIND (MPH)
  HIGHEST WIND SPEED    13   HIGHEST WIND DIRECTION     N (10)
  HIGHEST GUST SPEED    17   HIGHEST GUST DIRECTION     N (350)
  AVERAGE WIND SPEED     4.1


SKY COVER
  AVERAGE SKY COVER 0.4



RELATIVE HUMIDITY (PERCENT)
 HIGHEST   100          1200 AM
 LOWEST     33           300 PM
 AVERAGE    67

..........................................................


THE POUGHKEEPSIE NY CLIMATE NORMALS FOR TOMORROW
                         NORMAL    RECORD    YEAR
 MAXIMUM TEMPERATURE (F)   70        94      1936
 MINIMUM TEMPERATURE (F)   45        30      1983


SUNRISE AND SUNSET
MAY 11 2018...........SUNRISE   540 AM EDT   SUNSET   804 PM EDT
MAY 12 2018...........SUNRISE   539 AM EDT   SUNSET   805 PM EDT


-  INDICATES NEGATIVE NUMBERS.
R  INDICATES RECORD WAS SET OR TIED.
MM INDICATES DATA IS MISSING.
T  INDICATES TRACE AMOUNT.




$$
