734
CDUS41 KALY 210635
CLIPOU


CLIMATE REPORT
NATIONAL WEATHER SERVICE ALBANY NY
234 AM EDT SAT APR 21 2018


...................................

...THE POUGHKEEPSIE NY CLIMATE SUMMARY FOR APRIL 20 2018...

CLIMATE NORMAL PERIOD 1981 TO 2010
CLIMATE RECORD PERIOD 1931 TO 2018


WEATHER ITEM   OBSERVED TIME   RECORD YEAR NORMAL DEPARTURE LAST
                VALUE   (LST)  VALUE       VALUE  FROM      YEAR
                                                  NORMAL
..................................................................
TEMPERATURE (F)
 YESTERDAY
  MAXIMUM         49    301 PM  94    1941  63    -14       66
  MINIMUM         30   1159 PM  24    1961  38     -8       46
  AVERAGE         40                        50    -10       56

PRECIPITATION (IN)
  YESTERDAY        0.00          1.40 1940   0.11  -0.11     0.21
  MONTH TO DATE    2.26                      2.53  -0.27     1.77
  SINCE MAR 1      4.49                      6.10  -1.61     7.08
  SINCE JAN 1     11.85                     11.84   0.01    11.95

DEGREE DAYS
 HEATING
  YESTERDAY       25                        15     10        9
  MONTH TO DATE  487                       365    122      280
  SINCE MAR 1   1335                      1239     96     1275
  SINCE JUL 1   5647                      5810   -163     5317

 COOLING
  YESTERDAY        0                         0      0        0
  MONTH TO DATE    0                         0      0        4
  SINCE MAR 1      0                         0      0        4
  SINCE JAN 1      0                         0      0        4
..................................................................


WIND (MPH)
  HIGHEST WIND SPEED    22   HIGHEST WIND DIRECTION     W (290)
  HIGHEST GUST SPEED    28   HIGHEST GUST DIRECTION     W (290)
  AVERAGE WIND SPEED    10.2


SKY COVER
  AVERAGE SKY COVER 0.3



RELATIVE HUMIDITY (PERCENT)
 HIGHEST    72          1100 PM
 LOWEST     36           300 PM
 AVERAGE    54

..........................................................


THE POUGHKEEPSIE NY CLIMATE NORMALS FOR TODAY
                         NORMAL    RECORD    YEAR
 MAXIMUM TEMPERATURE (F)   63        84      1985
                                             1957
 MINIMUM TEMPERATURE (F)   39        27      1981
                                             1962
                                             1956


SUNRISE AND SUNSET
APRIL 21 2018.........SUNRISE   606 AM EDT   SUNSET   743 PM EDT
APRIL 22 2018.........SUNRISE   605 AM EDT   SUNSET   744 PM EDT


-  INDICATES NEGATIVE NUMBERS.
R  INDICATES RECORD WAS SET OR TIED.
MM INDICATES DATA IS MISSING.
T  INDICATES TRACE AMOUNT.




$$
