000
CDUS41 KALY 162048
CLIPOU


CLIMATE REPORT
NATIONAL WEATHER SERVICE ALBANY NY
448 PM EDT MON APR 16 2018


...................................

...THE POUGHKEEPSIE NY CLIMATE SUMMARY FOR APRIL 16 2018...
VALID TODAY AS OF 0400 PM LOCAL TIME.

CLIMATE NORMAL PERIOD 1981 TO 2010
CLIMATE RECORD PERIOD 1931 TO 2018


WEATHER ITEM   OBSERVED TIME   RECORD YEAR NORMAL DEPARTURE LAST
                VALUE   (LST)  VALUE       VALUE  FROM      YEAR
                                                  NORMAL
..................................................................
TEMPERATURE (F)
 TODAY
  MAXIMUM         58    335 PM  91    2012  61     -3       85
  MINIMUM         34   1231 AM  20    1943  37     -3       48
  AVERAGE         46                        49     -3       67

PRECIPITATION (IN)
  TODAY            1.21          2.23 1983   0.13   1.08     0.11
  MONTH TO DATE    2.11                      2.06   0.05     1.41
  SINCE MAR 1      4.34                      5.63  -1.29     6.72
  SINCE JAN 1     11.70                     11.37   0.33    11.59

DEGREE DAYS
 HEATING
  TODAY           19                        16      3        0
  MONTH TO DATE  390                       304     86      235
  SINCE MAR 1   1238                      1178     60     1230
  SINCE JUL 1   5550                      5749   -199     5272

 COOLING
  TODAY            0                         0      0        2
  MONTH TO DATE    0                         0      0        4
  SINCE MAR 1      0                         0      0        4
  SINCE JAN 1      0                         0      0        4
..................................................................


WIND (MPH)
  HIGHEST WIND SPEED    22   HIGHEST WIND DIRECTION     E (90)
  HIGHEST GUST SPEED    32   HIGHEST GUST DIRECTION     E (70)
  AVERAGE WIND SPEED     9.9


SKY COVER
  AVERAGE SKY COVER 1.0



RELATIVE HUMIDITY (PERCENT)
 HIGHEST    89          1200 AM
 LOWEST     79           700 AM
 AVERAGE    84

..........................................................


THE POUGHKEEPSIE NY CLIMATE NORMALS FOR TOMORROW
                         NORMAL    RECORD    YEAR
 MAXIMUM TEMPERATURE (F)   62        93      2002
 MINIMUM TEMPERATURE (F)   37        22      1962


SUNRISE AND SUNSET
APRIL 16 2018.........SUNRISE   614 AM EDT   SUNSET   737 PM EDT
APRIL 17 2018.........SUNRISE   613 AM EDT   SUNSET   738 PM EDT


-  INDICATES NEGATIVE NUMBERS.
R  INDICATES RECORD WAS SET OR TIED.
MM INDICATES DATA IS MISSING.
T  INDICATES TRACE AMOUNT.




$$
