000
CDUS41 KALY 062043
CLIPOU


CLIMATE REPORT
NATIONAL WEATHER SERVICE ALBANY NY
442 PM EDT FRI APR 6 2018


...................................

...THE POUGHKEEPSIE NY CLIMATE SUMMARY FOR APRIL 6 2018...
VALID TODAY AS OF 0400 PM LOCAL TIME.

CLIMATE NORMAL PERIOD 1981 TO 2010
CLIMATE RECORD PERIOD 1949 TO 2018


WEATHER ITEM   OBSERVED TIME   RECORD YEAR NORMAL DEPARTURE LAST
                VALUE   (LST)  VALUE       VALUE  FROM      YEAR
                                                  NORMAL
..................................................................
TEMPERATURE (F)
 TODAY
  MAXIMUM         49    300 PM  78    2010  57     -8       50
  MINIMUM         23        MM  18    1982  33    -10       39
  AVERAGE         36                        45     -9       45

PRECIPITATION (IN)
  TODAY            0.01          1.32 1958   0.12  -0.11     0.54
  MONTH TO DATE    0.72                      0.76  -0.04     1.21
  SINCE MAR 1      2.95                      4.33  -1.38     6.52
  SINCE JAN 1     10.31                     10.07   0.24    11.39

DEGREE DAYS
 HEATING
  TODAY           29                        20      9       20
  MONTH TO DATE  158                       126     32      115
  SINCE MAR 1   1006                      1000      6     1110
  SINCE JUL 1   5318                      5571   -253     5152

 COOLING
  TODAY            0                         0      0        0
  MONTH TO DATE    0                         0      0        0
  SINCE MAR 1      0                         0      0        0
  SINCE JAN 1      0                         0      0        0
..................................................................


WIND (MPH)
  HIGHEST WIND SPEED     9   HIGHEST WIND DIRECTION     S (180)
  HIGHEST GUST SPEED    MM   HIGHEST GUST DIRECTION    MM
  AVERAGE WIND SPEED     1.8


SKY COVER
  AVERAGE SKY COVER 0.6



RELATIVE HUMIDITY (PERCENT)
 HIGHEST    89          1100 AM
 LOWEST     59           800 AM
 AVERAGE    74

..........................................................


THE POUGHKEEPSIE NY CLIMATE NORMALS FOR TOMORROW
                         NORMAL    RECORD    YEAR
 MAXIMUM TEMPERATURE (F)   57        90      2010
 MINIMUM TEMPERATURE (F)   34        17      1982


SUNRISE AND SUNSET
APRIL  6 2018.........SUNRISE   630 AM EDT   SUNSET   726 PM EDT
APRIL  7 2018.........SUNRISE   629 AM EDT   SUNSET   727 PM EDT


-  INDICATES NEGATIVE NUMBERS.
R  INDICATES RECORD WAS SET OR TIED.
MM INDICATES DATA IS MISSING.
T  INDICATES TRACE AMOUNT.




RECORDS FOR KPOU DATE BACK TO 1949...
HOWEVER...DATA IS MISSING FROM JANUARY 1993 - JULY 2000.
$$
