000
CDUS41 KALY 030624
CLIPOU


CLIMATE REPORT
NATIONAL WEATHER SERVICE ALBANY NY
223 AM EDT THU MAY 3 2018


...................................

...THE POUGHKEEPSIE NY CLIMATE SUMMARY FOR MAY 2 2018...

CLIMATE NORMAL PERIOD 1981 TO 2010
CLIMATE RECORD PERIOD 1931 TO 2018


WEATHER ITEM   OBSERVED TIME   RECORD YEAR NORMAL DEPARTURE LAST
                VALUE   (LST)  VALUE       VALUE  FROM      YEAR
                                                  NORMAL
..................................................................
TEMPERATURE (F)
 YESTERDAY
  MAXIMUM         89    334 PM  90    2010  67     22       71
                                      2001
  MINIMUM         46    424 AM  30    1960  42      4       56
                                      1952
  AVERAGE         68                        55     13       64

PRECIPITATION (IN)
  YESTERDAY        0.00          1.27 1989   0.11  -0.11     0.21
  MONTH TO DATE    0.00                      0.23  -0.23     0.21
  SINCE MAR 1      5.80                      7.58  -1.78     7.90
  SINCE JAN 1     13.16                     13.32  -0.16    12.77

DEGREE DAYS
 HEATING
  YESTERDAY        0                        11    -11        1
  MONTH TO DATE    7                        22    -15        6
  SINCE MAR 1   1500                      1390    110     1368
  SINCE JUL 1   5812                      5961   -149     5410

 COOLING
  YESTERDAY        3                         0      3        0
  MONTH TO DATE    3                         0      3        0
  SINCE MAR 1      3                         5     -2       17
  SINCE JAN 1      3                         5     -2       17
..................................................................


WIND (MPH)
  HIGHEST WIND SPEED    20   HIGHEST WIND DIRECTION    SW (220)
  HIGHEST GUST SPEED    29   HIGHEST GUST DIRECTION     W (250)
  AVERAGE WIND SPEED     8.0


SKY COVER
  AVERAGE SKY COVER 0.0



RELATIVE HUMIDITY (PERCENT)
 HIGHEST    77          1200 AM
 LOWEST     12           300 PM
 AVERAGE    45

..........................................................


THE POUGHKEEPSIE NY CLIMATE NORMALS FOR TODAY
                         NORMAL    RECORD    YEAR
 MAXIMUM TEMPERATURE (F)   68        92      2001
 MINIMUM TEMPERATURE (F)   42        28      1966


SUNRISE AND SUNSET
MAY  3 2018...........SUNRISE   550 AM EDT   SUNSET   756 PM EDT
MAY  4 2018...........SUNRISE   548 AM EDT   SUNSET   757 PM EDT


-  INDICATES NEGATIVE NUMBERS.
R  INDICATES RECORD WAS SET OR TIED.
MM INDICATES DATA IS MISSING.
T  INDICATES TRACE AMOUNT.




$$
