000
CDUS41 KALY 300638
CLIPOU


CLIMATE REPORT
NATIONAL WEATHER SERVICE ALBANY NY
237 AM EDT MON APR 30 2018


...................................

...THE POUGHKEEPSIE NY CLIMATE SUMMARY FOR APRIL 29 2018...

CLIMATE NORMAL PERIOD 1981 TO 2010
CLIMATE RECORD PERIOD 1931 TO 2018


WEATHER ITEM   OBSERVED TIME   RECORD YEAR NORMAL DEPARTURE LAST
                VALUE   (LST)  VALUE       VALUE  FROM      YEAR
                                                  NORMAL
..................................................................
TEMPERATURE (F)
 YESTERDAY
  MAXIMUM         52    155 PM  88    1974  66    -14       82
  MINIMUM         44    916 PM  26    1949  41      3       57
  AVERAGE         48                        54     -6       70

PRECIPITATION (IN)
  YESTERDAY        0.27          0.92 1958   0.13   0.14     0.00
  MONTH TO DATE    3.52                      3.65  -0.13     2.37
  SINCE MAR 1      5.75                      7.22  -1.47     7.68
  SINCE JAN 1     13.11                     12.96   0.15    12.55

DEGREE DAYS
 HEATING
  YESTERDAY       17                        12      5        0
  MONTH TO DATE  624                       482    142      356
  SINCE MAR 1   1472                      1356    116     1351
  SINCE JUL 1   5784                      5927   -143     5393

 COOLING
  YESTERDAY        0                         0      0        5
  MONTH TO DATE    0                         0      0       17
  SINCE MAR 1      0                         0      0       17
  SINCE JAN 1      0                         0      0       17
..................................................................


WIND (MPH)
  HIGHEST WIND SPEED    18   HIGHEST WIND DIRECTION     W (290)
  HIGHEST GUST SPEED    24   HIGHEST GUST DIRECTION     W (280)
  AVERAGE WIND SPEED     7.9


SKY COVER
  AVERAGE SKY COVER 1.0



RELATIVE HUMIDITY (PERCENT)
 HIGHEST    89          1200 AM
 LOWEST     46           500 PM
 AVERAGE    68

..........................................................


THE POUGHKEEPSIE NY CLIMATE NORMALS FOR TODAY
                         NORMAL    RECORD    YEAR
 MAXIMUM TEMPERATURE (F)   67        87      1942
 MINIMUM TEMPERATURE (F)   41        28      2012


SUNRISE AND SUNSET
APRIL 30 2018.........SUNRISE   554 AM EDT   SUNSET   752 PM EDT
MAY  1 2018...........SUNRISE   552 AM EDT   SUNSET   754 PM EDT


-  INDICATES NEGATIVE NUMBERS.
R  INDICATES RECORD WAS SET OR TIED.
MM INDICATES DATA IS MISSING.
T  INDICATES TRACE AMOUNT.




$$
