000
CXUS51 KALY 010908
CLMPOU
CLIMATE REPORT
NATIONAL WEATHER SERVICE ALBANY NY
508 AM EDT SAT JUL 01 2023
...................................
...THE POUGHKEEPSIE NY CLIMATE SUMMARY FOR THE MONTH OF JUNE 2023...
CLIMATE NORMAL PERIOD: 1991 TO 2020
CLIMATE RECORD PERIOD: 1931 TO 2023
WEATHER OBSERVED NORMAL DEPART LAST YEAR`S
VALUE DATE(S) VALUE FROM VALUE DATE(S)
NORMAL
................................................................
TEMPERATURE (F)
RECORD
HIGH 102 06/29/1933
LOW 35 06/01/2001
06/01/1984
HIGHEST 95 06/02 90 06/26
LOWEST 42 06/04 45 06/05
06/07
06/20
AVG. MAXIMUM 78.4 79.8 -1.4 79.1
AVG. MINIMUM 55.0 57.1 -2.1 55.7
MEAN 66.7 68.4 -1.7 67.4
DAYS MAX >= 90 2 3.0 -1.0 1
DAYS MAX <= 32 0 0.0 0.0 0
DAYS MIN <= 32 0 0.0 0.0 0
DAYS MIN <= 0 0 0.0 0.0 0
PRECIPITATION (INCHES)
RECORD
MAXIMUM 9.82 2013
MINIMUM 0.30 1988
TOTALS 4.25 3.91 0.34 2.46
DAILY AVG. 0.14 0.08
DAYS >= .01 13 12.9 0.1 10
DAYS >= .10 9 7.5 1.5 6
DAYS >= .50 2 2.9 -0.9 2
DAYS >= 1.00 1 1.1 -0.1 0
GREATEST
24 HR. TOTAL 1.78 06/26 TO 06/27
DEGREE DAYS
HEATING TOTAL 50 36 14 19
SINCE 7/1 5213 5991 -778 MM
COOLING TOTAL 107 139 -32 96
SINCE 1/1 130 179 -49 MM
................................................................
WIND (MPH)
AVERAGE WIND SPEED 3.6
HIGHEST WIND SPEED/DIRECTION 24/010 DATE 06/17
HIGHEST GUST SPEED/DIRECTION 34/010 DATE 06/17
SKY COVER
AVERAGE SKY COVER 0.50
AVERAGE RH (PERCENT) 72
WEATHER CONDITIONS. NUMBER OF DAYS WITH
THUNDERSTORM 7 MIXED PRECIP 0
HEAVY RAIN 6 RAIN 7
LIGHT RAIN 12 FREEZING RAIN 0
LT FREEZING RAIN 0 HAIL 0
HEAVY SNOW 0 SNOW 0
LIGHT SNOW 0 SLEET 0
FOG 22 FOG W/VIS <= 1/4 MILE 4
HAZE 11
- INDICATES NEGATIVE NUMBERS.
R INDICATES RECORD WAS SET OR TIED.
MM INDICATES DATA IS MISSING.
T INDICATES TRACE AMOUNT.
$$