000
CXUS51 KALY 010856
CLMPOU


CLIMATE REPORT
NATIONAL WEATHER SERVICE ALBANY NY
353 AM EST THU MAR 1 2018

...................................

...THE POUGHKEEPSIE NY CLIMATE SUMMARY FOR THE MONTH OF FEBRUARY 2018...

CLIMATE NORMAL PERIOD 1981 TO 2010
CLIMATE RECORD PERIOD 1949 TO 2018

WEATHER         OBSERVED          NORMAL  DEPART  LAST YEAR`S
                 VALUE   DATE(S)  VALUE   FROM    VALUE  DATE(S)
                                          NORMAL
................................................................
TEMPERATURE (F)
HIGHEST            76R  02/21                         73  02/24
LOWEST              7   02/03                         12  02/09
AVG. MAXIMUM     43.8              39.4     4.4     45.4
AVG. MINIMUM     25.1              17.8     7.3     23.8
MEAN             34.4              28.6     5.8     34.6
DAYS MAX >= 90      0               0.0     0.0        0
DAYS MAX <= 32      4               5.8    -1.8        3
DAYS MIN <= 32     22              26.2    -4.2       24
DAYS MIN <= 0       0               1.2    -1.2        0

PRECIPITATION (INCHES)
RECORD
 MAXIMUM         7.50   2008
 MINIMUM         0.32   1987
TOTALS           4.48              2.66    1.82     1.90
DAILY AVG.       0.16              0.10    0.06     0.07
DAYS >= .01        18               9.1     8.9        8
DAYS >= .10        14               6.2     7.8        3
DAYS >= .50         3               1.6     1.4        2
DAYS >= 1.00        0               0.4    -0.4        0
GREATEST
 24 HR. TOTAL    0.76   02/25 TO 02/25

DEGREE_DAYS
HEATING TOTAL     849              1019    -170      846
 SINCE 7/1       4312              4571    -259     4042
COOLING TOTAL       0                 0       0        0
 SINCE 1/1          0                 0       0        0

FREEZE DATES
RECORD
 EARLIEST     09/15/1963
 LATEST       05/25/1949
EARLIEST                        10/09
LATEST                          04/29
.................................................................

WIND (MPH)
AVERAGE WIND SPEED              4.1
HIGHEST WIND SPEED/DIRECTION    25/290    DATE  02/02
HIGHEST GUST SPEED/DIRECTION    37/280    DATE  02/02

SKY COVER
AVERAGE SKY COVER           0.60

AVERAGE RH (PERCENT)     73

WEATHER CONDITIONS. NUMBER OF DAYS WITH
THUNDERSTORM              0     MIXED PRECIP               0
HEAVY RAIN                0     RAIN                       7
LIGHT RAIN               12     FREEZING RAIN              2
LT FREEZING RAIN          1     HAIL                       0
HEAVY SNOW                1     SNOW                       4
LIGHT SNOW                9     SLEET                      0
FOG                      23     FOG W/VIS <= 1/4 MILE     13
HAZE                      9

-  INDICATES NEGATIVE NUMBERS.
R  INDICATES RECORD WAS SET OR TIED.
MM INDICATES DATA IS MISSING.
T  INDICATES TRACE AMOUNT.

RECORDS FOR KPOU DATE BACK TO 1949...HOWEVER...DATA IS
MISSING FROM JANUARY 1993 - JULY 2000.

$$
