000
CXUS51 KALY 011517
CLSPOU
CLIMATE REPORT
NATIONAL WEATHER SERVICE ALBANY NY
1017 AM EST WED DEC 01 2021
...................................
...THE POUGHKEEPSIE NY CLIMATE SUMMARY FOR THE SEASON, FROM
9/1/2021 TO 11/30/2021...
CLIMATE NORMAL PERIOD: 1991 TO 2020
CLIMATE RECORD PERIOD: 1931 TO 2021
WEATHER OBSERVED NORMAL DEPART LAST YEAR`S
VALUE DATE(S) VALUE FROM VALUE DATE(S)
NORMAL
................................................................
TEMPERATURE (F)
RECORD
HIGH 101 09/02/1953
LOW 3 11/24/1989
HIGHEST 87 09/15 85 09/08
LOWEST 18 11/24 18 11/19
AVG. MAXIMUM 65.4 63.3 2.1 66.1
AVG. MINIMUM 44.2 41.8 2.4 42.9
MEAN 54.8 52.5 2.3 54.5
DAYS MAX >= 90 0 1.2 -1.2 0
DAYS MAX <= 32 0 0.2 -0.2 0
DAYS MIN <= 32 22 23.4 -1.4 19
DAYS MIN <= 0 0 0.0 0.0 0
PRECIPITATION (INCHES)
RECORD
MAXIMUM 22.90 2005
MINIMUM 3.86 1964
TOTALS 16.44 11.33 5.11 9.77
DAILY AVG. 0.18 0.11
DAYS >= .01 33 31.0 2.0 26
DAYS >= .10 16 17.6 -1.6 16
DAYS >= .50 9 7.1 1.9 7
DAYS >= 1.00 3 3.0 0.0 4
GREATEST
24 HR. TOTAL 5.64 09/01 TO 09/02
DEGREE DAYS
HEATING TOTAL 987 1215 -228 1014
SINCE 7/1 993 1225 -232 1016
COOLING TOTAL 85 80 5 84
SINCE 1/1 905 744 161 1020
................................................................
WIND (MPH)
AVERAGE WIND SPEED 4.0
HIGHEST WIND SPEED/DIRECTION 25/010 DATE 10/27
HIGHEST GUST SPEED/DIRECTION 38/230 DATE 10/27
WEATHER CONDITIONS. NUMBER OF DAYS WITH
THUNDERSTORM 5 MIXED PRECIP 0
HEAVY RAIN 11 RAIN 16
LIGHT RAIN 33 FREEZING RAIN 0
LT FREEZING RAIN 0 HAIL 0
HEAVY SNOW 0 SNOW 1
LIGHT SNOW 3 SLEET 0
FOG 62 FOG W/VIS <= 1/4 MILE 16
HAZE 8
- INDICATES NEGATIVE NUMBERS.
R INDICATES RECORD WAS SET OR TIED.
MM INDICATES DATA IS MISSING.
T INDICATES TRACE AMOUNT.
$$