000
CXUS51 KALY 010701
CLSPOU
CLIMATE REPORT
NATIONAL WEATHER SERVICE ALBANY NY
152 AM EST SUN MAR 1 2020
...................................
...THE POUGHKEEPSIE NY CLIMATE SUMMARY FOR THE SEASON, FROM
12/1/2019 TO 2/29/2020...
CLIMATE NORMAL PERIOD 1981 TO 2010
CLIMATE RECORD PERIOD 1931 TO 2020
WEATHER OBSERVED NORMAL DEPART LAST YEAR`S
VALUE DATE(S) VALUE FROM VALUE DATE(S)
NORMAL
................................................................
TEMPERATURE (F)
RECORD
HIGH 76 02/21/2018
LOW -30 01/21/1961
HIGHEST 68 01/11 63 12/21
LOWEST 5 01/21 -4 01/22
AVG. MAXIMUM 41.5 38.3 3.2 39.2
AVG. MINIMUM 24.5 18.5 6.0 22.2
MEAN 33.0 28.4 4.6 30.7
DAYS MAX >= 90 0 0.0 0.0 0
DAYS MAX <= 32 11 23.0 -12.0 20
DAYS MIN <= 32 77 81.7 -4.7 77
DAYS MIN <= 0 0 5.0 -5.0 3
PRECIPITATION (INCHES)
RECORD
MAXIMUM 13.97 1974
MINIMUM 2.82 1944
TOTALS 7.86 9.27 -1.41 10.02
DAILY AVG. 0.09 0.10 -0.01 0.11
DAYS >= .01 27 30.5 -3.5 35
DAYS >= .10 20 19.8 0.2 21
DAYS >= .50 6 6.3 -0.3 7
DAYS >= 1.00 0 1.5 -1.5 2
GREATEST
24 HR. TOTAL 0.78 12/30 TO 12/30
DEGREE_DAYS
HEATING TOTAL 2895 3293 -398 3062
SINCE 7/1 4113 4604 -491 4340
COOLING TOTAL 0 0 0 0
SINCE 1/1 0 0 0 0
FREEZE DATES
RECORD
EARLIEST 09/15/1963
LATEST 05/25/1949
EARLIEST 10/09
LATEST 04/29
.................................................................
WIND (MPH)
AVERAGE WIND SPEED 4.8
HIGHEST WIND SPEED/DIRECTION 33/240 DATE 02/07
HIGHEST GUST SPEED/DIRECTION 46/250 DATE 02/28
WEATHER CONDITIONS. NUMBER OF DAYS WITH
THUNDERSTORM 1 MIXED PRECIP 0
HEAVY RAIN 3 RAIN 6
LIGHT RAIN 23 FREEZING RAIN 3
LT FREEZING RAIN 4 HAIL 0
HEAVY SNOW 1 SNOW 3
LIGHT SNOW 16 SLEET 1
FOG 47 FOG W/VIS <= 1/4 MILE 7
HAZE 26
- INDICATES NEGATIVE NUMBERS.
R INDICATES RECORD WAS SET OR TIED.
MM INDICATES DATA IS MISSING.
T INDICATES TRACE AMOUNT.
$$