000
CXUS51 KALY 021406
CLSPOU
CLIMATE REPORT
NATIONAL WEATHER SERVICE ALBANY NY
1006 AM EDT WED JUN 02 2021
...................................
...THE POUGHKEEPSIE NY CLIMATE SUMMARY FOR THE SEASON, FROM
3/1/2021 TO 5/31/2021...
CLIMATE NORMAL PERIOD: 1991 TO 2020
CLIMATE RECORD PERIOD: 1931 TO 2021
WEATHER OBSERVED NORMAL DEPART LAST YEAR`S
VALUE DATE(S) VALUE FROM VALUE DATE(S)
NORMAL
................................................................
TEMPERATURE (F)
RECORD
HIGH 98 05/22/1941
LOW -13 03/19/1967
HIGHEST 92 05/26 85 05/15
05/26
05/29
LOWEST 14 03/08 20 03/01
AVG. MAXIMUM 62.3 59.9 2.4 59.9
AVG. MINIMUM 38.1 37.5 0.6 38.1
MEAN 50.2 48.7 1.5 49.0
DAYS MAX >= 90 1 1.3 -0.3 MM
DAYS MAX <= 32 2 1.7 0.3 MM
DAYS MIN <= 32 26 32.3 -6.3 MM
DAYS MIN <= 0 0 0.3 -0.3 MM
PRECIPITATION (INCHES)
RECORD
MAXIMUM 22.74 1983
MINIMUM 3.37 1941
TOTALS 8.73 10.18 -1.45 9.25
DAILY AVG. 0.09 0.10
DAYS >= .01 31 35.0 -4.0 MM
DAYS >= .10 18 20.2 -2.2 MM
DAYS >= .50 5 5.7 -0.7 MM
DAYS >= 1.00 2 1.8 0.2 MM
GREATEST
24 HR. TOTAL 1.69
DEGREE DAYS
HEATING TOTAL 1388 1538 -150 1492
SINCE 7/1 5539 5958 -419 MM
COOLING TOTAL 46 41 5 45
SINCE 1/1 46 40 6 MM
................................................................
WIND (MPH)
AVERAGE WIND SPEED 5.8
HIGHEST WIND SPEED/DIRECTION 35/240 DATE 03/26
HIGHEST GUST SPEED/DIRECTION 47/290 DATE 03/01
WEATHER CONDITIONS. NUMBER OF DAYS WITH
THUNDERSTORM 0 MIXED PRECIP 0
HEAVY RAIN 5 RAIN 10
LIGHT RAIN 31 FREEZING RAIN 0
LT FREEZING RAIN 0 HAIL 0
HEAVY SNOW 0 SNOW 0
LIGHT SNOW 3 SLEET 0
FOG 31 FOG W/VIS <= 1/4 MILE 3
HAZE 7
- INDICATES NEGATIVE NUMBERS.
R INDICATES RECORD WAS SET OR TIED.
MM INDICATES DATA IS MISSING.
T INDICATES TRACE AMOUNT.
$$