000
CXZS50 NSTU 220147
CLMPPG
CLIMATE REPORT
NATIONAL WEATHER SERVICE PAGO PAGO AS
250 PM SST MON AUG 21 2023
.....................................
...THE PAGO PAGO AIRPORT CLIMATE SUMMARY FOR THE MONTH OF MARCH 2023...
CLIMATE NORMAL PERIOD 1991 TO 2020
CLIMATE RECORD PERIOD 1956 TO 2023
WEATHER ITEM OBSERVED DATES NORMAL DEPARTURE LAST YEAR
VALUE VALUE FROM VALUE DATE(S)
NORMAL
.............................................................................
TEMPERATURE (F)
RECORD
HIGH 95 3/25/1998
LOW 63 3/02/1965
HIGHEST 92 3/18 88 4 90 3/28
3/27
3/17
3/16
3/12
LOWEST 74 3/16 78 -4 74 3/31
AVG. MAXIMUM 87.8 88.4 -0.6 90.5
AVG. MINIMUM 77.8 78.2 -0.4 77.8
MEAN 82.8 83.3 -0.5 84.2
DAYS MAX >= 90 6 8.8 -2.8 23
DAYS MAX <= 32 0 0.0 0.0 0
DAYS MIN <= 32 0 0.0 0.0 0
DAYS MIN <= 0 0 0.0 0.0 0
PRECIPITATION (INCHES)
RECORD
MAXIMUM 31.84 1961
MINIMUM 4.01 1976
TOTALS 11.34 10.95 0.39 5.50
DAILY AVG. 0.37 0.35 0.01 0.18
DAYS >= .01 20 24 -4 23
DAYS >= .10 14 16 -2 12
DAYS >= .50 7 7 0 2
DAYS >= 1.00 4 3 1 1
GREATEST
24 HR. TOTAL 2.48 3/10 TO 11 1.85 3/25
DEGREE DAYS
HEATING TOTAL 000 00 00 00
SINCE 1/1 000 00 00 00
COOLING TOTAL 559 567 -8 602
SINCE 1/1 1602 1635 -33 1653
WIND (MPH)
AVERAGE WIND SPEED 6.8
HIGHEST WIND SPEED/DIRECTION 23/360 DATE 3/12
HIGHEST GUST SPEED/DIRECTION MM DATE MM
SKY COVER
POSSIBLE SUNSHINE (PERCENT) MM
AVERAGE SKY COVER 6.8
NUMBER OF DAYS FAIR 1
NUMBER OF DAYS PC 21
NUMBER OF DAYS CLOUDY 9
AVERAGE RH (PERCENT) 87.8
WEATHER CONDITIONS NUMBER OF DAYS WITH
THUNDERSTORM 0 MIXED PRECIP 00
HEAVY RAIN 10 RAIN 1
LIGHT RAIN 20 FREEZING RAIN 00
LT FREEZING RAIN 00 HAIL 00
HEAVY SNOW 00 SNOW 00
LIGHT SNOW 00 SLEET 00
FOG 00 FOG W/VIS <= 1/4 MILE 00
HAZE 00
- INDICATES NEGATIVE NUMBERS
R INDICATES RECORD WAS SET OR TIED
MM INDICATES DATA IS MISSING
T INDICATES TRACE AMOUNTTEMPERATURE (F)