000
CXUS56 KLOX 021916
CF6PRB
PRELIMINARY LOCAL CLIMATOLOGICAL DATA (WS FORM: F-6)
STATION: PASO ROBLES AIRPORT CA
MONTH: SEPTEMBER
YEAR: 2023
LATITUDE: 35 40 N
LONGITUDE: 120 38 W
TEMPERATURE IN F: :PCPN: SNOW: WIND :SUNSHINE: SKY :PK WND
================================================================================
1 2 3 4 5 6A 6B 7 8 9 10 11 12 13 14 15 16 17 18
12Z AVG MX 2MIN
DY MAX MIN AVG DEP HDD CDD WTR SNW DPTH SPD SPD DIR MIN PSBL S-S WX SPD DR
================================================================================
1 82 53 68 -5 0 3 0.00 M M 7.6 21 210 M M 4 18 27 200
2 70 62 66 -6 0 1 0.01 M M 4.1 12 200 M M 10 1 15 190
3 75 60 68 -4 0 3 0.00 M M 7.9 17 320 M M 7 24 330
4 87 51 69 -3 0 4 0.00 M M 5.7 15 310 M M 2 18 310
5 88 49 69 -3 0 4 0.00 M M 6.2 20 200 M M 0 24 210
6 78 55 67 -5 0 2 0.00 M M 10.1 21 200 M M 2 25 190
7 89 49 69 -3 0 4 0.00 M M 4.2 17 200 M M 0 8 23 210
8 93 49 71 -1 0 6 T M M 4.4 17 250 M M 0 3 22 220
9 99 59 79 7 0 14 0.01 M M 6.7 18 200 M M 0 3 22 200
10 97 61 79 8 0 14 0.00 M M 7.0 16 300 M M 0 21 330
11 93 53 73 2 0 8 0.00 M M 6.9 17 310 M M 0 22 300
12 88 55 72 1 0 7 0.00 M M 6.9 17 200 M M 3 1 21 200
13 85 49 67 -4 0 2 0.00 M M 6.0 22 200 M M 1 12 26 200
14 87 52 70 0 0 5 0.00 M M 6.9 25 200 M M 3 31 200
15 85 55 70 0 0 5 0.00 M M 7.1 23 200 M M 4 29 220
16 76 56 66 -4 0 1 0.00 M M 7.0 21 200 M M 5 25 190
17 77 53 65 -5 0 0 0.00 M M 8.0 20 200 M M 4 25 190
18 80 48 64 -6 1 0 0.00 M M 6.6 17 200 M M 3 22 210
19 86 50 68 -1 0 3 0.00 M M 6.0 17 200 M M 2 1 22 200
20 75 55 65 -4 0 0 0.00 M M 9.8 24 200 M M 4 18 30 200
21 73 48 61 -8 4 0 0.00 M M 7.1 16 220 M M 5 24 260
22 80 41 61 -8 4 0 0.00 M M 5.6 21 210 M M 0 1 25 200
23 79 47 63 -5 2 0 0.00 M M 4.8 18 200 M M 1 23 200
24 82 43 63 -5 2 0 0.00 M M 4.8 17 200 M M 0 1 21 210
25 81 44 63 -5 2 0 0.00 M M 4.7 18 190 M M 3 1 23 200
26 87 44 66 -2 0 1 0.00 M M M M M M M 0 M M
27 86 52 69 2 0 4 0.00 M M M M M M M 0 M M
28 85 51 68 1 0 3 0.00 M M M M M M M 0 M M
29 83 46 65 -2 0 0 0.00 M M 7.4 20 200 M M 0 24 200
30 71 53 62 -5 3 0 T M M 8.6 22 210 M M 8 26 200
================================================================================
SM 2497 1543 18 94 0.02 M 178.1 M 71
================================================================================
AV 83.2 51.4 6.6 FASTST M M 2 MAX(MPH)
MISC ----> 25 200 31 200
================================================================================
NOTES:
# LAST OF SEVERAL OCCURRENCES
COLUMN 17 PEAK WIND IN M.P.H.
PRELIMINARY LOCAL CLIMATOLOGICAL DATA (WS FORM: F-6) , PAGE 2
STATION: PASO ROBLES AIRPORT CA
MONTH: SEPTEMBER
YEAR: 2023
LATITUDE: 35 40 N
LONGITUDE: 120 38 W
[TEMPERATURE DATA] [PRECIPITATION DATA] SYMBOLS USED IN COLUMN 16
AVERAGE MONTHLY: 67.3 TOTAL FOR MONTH: 0.02 1 = FOG OR MIST
DPTR FM NORMAL: -2.7 DPTR FM NORMAL: -0.04 2 = FOG REDUCING VISIBILITY
HIGHEST: 99 ON 9 GRTST 24HR 0.01 ON 2- 2 TO 1/4 MILE OR LESS
LOWEST: 41 ON 22 3 = THUNDER
SNOW, ICE PELLETS, HAIL 4 = ICE PELLETS
TOTAL MONTH: M 5 = HAIL
GRTST 24HR M ON M 6 = FREEZING RAIN OR DRIZZLE
GRTST DEPTH: M ON M 7 = DUSTSTORM OR SANDSTORM:
VSBY 1/2 MILE OR LESS
8 = SMOKE OR HAZE
[NO. OF DAYS WITH] [WEATHER - DAYS WITH] 9 = BLOWING SNOW
X = TORNADO
MAX 32 OR BELOW: 0 0.01 INCH OR MORE: 2
MAX 90 OR ABOVE: 4 0.10 INCH OR MORE: 0
MIN 32 OR BELOW: 0 0.50 INCH OR MORE: 0
MIN 0 OR BELOW: 0 1.00 INCH OR MORE: 0
[HDD (BASE 65) ]
TOTAL THIS MO. 18 CLEAR (SCALE 0-3) 19
DPTR FM NORMAL -2 PTCLDY (SCALE 4-7) 9
TOTAL FM JUL 1 18 CLOUDY (SCALE 8-10) 2
DPTR FM NORMAL -6
[CDD (BASE 65) ]
TOTAL THIS MO. 94
DPTR FM NORMAL -76 [PRESSURE DATA]
TOTAL FM JAN 1 899 HIGHEST SLP 30.15 ON 26
DPTR FM NORMAL -17 LOWEST SLP 29.76 ON 29
[REMARKS]
#FINAL-09-23#