000
CXUS54 KMAF 011110
CF6PRS
PRELIMINARY LOCAL CLIMATOLOGICAL DATA (WS FORM: F-6)
STATION: PRESIDIO LELY
MONTH: SEPTEMBER
YEAR: 2021
LATITUDE: 29 38 N
LONGITUDE: 104 22 W
TEMPERATURE IN F: :PCPN: SNOW: WIND :SUNSHINE: SKY :PK WND
================================================================================
1 2 3 4 5 6A 6B 7 8 9 10 11 12 13 14 15 16 17 18
12Z AVG MX 2MIN
DY MAX MIN AVG DEP HDD CDD WTR SNW DPTH SPD SPD DIR MIN PSBL S-S WX SPD DR
================================================================================
1 98 77 88 M 0 23 M M M 5.3 15 160 M M 2 17 160
2 92 74 83 M 0 18 0.02 M M 3.6 9 70 M M 2 21 110
3 97 72 85 M 0 20 M M M 4.1 10 50 M M 1 16 0
4 98 76 87 M 0 22 M M M 5.1 12 40 M M 1 21 0
5 98 77 88 M 0 23 M M M 8.4 14 60 M M 0 20 40
6 97 75 86 M 0 21 0.08 M M 7.6 14 330 M M 1 21 180
7 100 73 87 M 0 22 M M M 5.8 10 70 M M 0 8 17 90
8 98 75 87 M 0 22 M M M 8.8 21 70 M M 1 8 29 50
9 98 75 87 M 0 22 M M M 7.5 15 40 M M 2 22 40
10 98 73 86 M 0 21 M M M 5.9 15 50 M M 0 21 50
11 97 73 85 M 0 20 M M M 8.5 14 50 M M 0 28 50
12 96 72 84 M 0 19 M M M 8.8 16 40 M M 0 23 50
13 94 70 82 M 0 17 M M M 6.1 14 40 M M 1 21 40
14 98 71 85 M 0 20 M M M 6.0 10 30 M M 0 M M
15 99 73 86 M 0 21 M M M 9.5 15 50 M M 0 22 60
16 98 74 86 M 0 21 M M M 6.5 22 60 M M 0 30 60
17 100 71 86 M 0 21 M M M 6.0 15 20 M M 0 23 20
18 100 76 88 M 0 23 M M M 6.7 16 50 M M 1 26 40
19 98 73 86 M 0 21 M M M 4.9 13 30 M M 0 18 30
20 102 74 88 M 0 23 0.01 M M 7.4 21 310 M M 1 28 310
21 91 74 83 M 0 18 M M M 12.3 21 10 M M 1 28 10
22 87 65 76 M 0 11 M M M 9.4 15 60 M M 0 22 20
23 92 65 79 M 0 14 M M M 5.6 13 50 M M 0 21 50
24 92 74 83 M 0 18 M M M 5.6 16 50 M M 3 22 50
25 95 72 84 M 0 19 M M M 10.4 17 50 M M 0 28 50
26 93 69 81 M 0 16 0.11 M M 5.8 15 230 M M 2 35 230
27 89 66 78 M 0 13 0.04 M M 4.3 13 290 M M 1 M M
28 91 65 78 M 0 13 0.06 M M 6.0 16 210 M M 2 26 210
29 91 64 78 M 0 13 M M M 4.8 12 250 M M 0 18 220
30 92 69 81 M 0 16 M M M 7.5 18 20 M M 1 30 20
================================================================================
SM 2869 2157 0 571 0.32 M 204.5 M 23
================================================================================
AV 95.6 71.9 6.8 FASTST M M 1 MAX(MPH)
MISC ----> 22 60 35 230
================================================================================
NOTES:
# LAST OF SEVERAL OCCURRENCES
COLUMN 17 PEAK WIND IN M.P.H.
PRELIMINARY LOCAL CLIMATOLOGICAL DATA (WS FORM: F-6) , PAGE 2
STATION: PRESIDIO LELY
MONTH: SEPTEMBER
YEAR: 2021
LATITUDE: 29 38 N
LONGITUDE: 104 22 W
[TEMPERATURE DATA] [PRECIPITATION DATA] SYMBOLS USED IN COLUMN 16
AVERAGE MONTHLY: 83.8 TOTAL FOR MONTH: 0.32 1 = FOG OR MIST
DPTR FM NORMAL: 0.0 DPTR FM NORMAL: M 2 = FOG REDUCING VISIBILITY
HIGHEST: 102 ON 20 GRTST 24HR 0.11 ON 26-26 TO 1/4 MILE OR LESS
LOWEST: 64 ON 29 3 = THUNDER
SNOW, ICE PELLETS, HAIL 4 = ICE PELLETS
TOTAL MONTH: M 5 = HAIL
GRTST 24HR M ON M 6 = FREEZING RAIN OR DRIZZLE
GRTST DEPTH: M ON M 7 = DUSTSTORM OR SANDSTORM:
VSBY 1/2 MILE OR LESS
8 = SMOKE OR HAZE
[NO. OF DAYS WITH] [WEATHER - DAYS WITH] 9 = BLOWING SNOW
X = TORNADO
MAX 32 OR BELOW: 0 0.01 INCH OR MORE: 6
MAX 90 OR ABOVE: 28 0.10 INCH OR MORE: 1
MIN 32 OR BELOW: 0 0.50 INCH OR MORE: 0
MIN 0 OR BELOW: 0 1.00 INCH OR MORE: 0
[HDD (BASE 65) ]
TOTAL THIS MO. 0 CLEAR (SCALE 0-3) 30
DPTR FM NORMAL M PTCLDY (SCALE 4-7) 0
TOTAL FM JUL 1 0 CLOUDY (SCALE 8-10) 0
DPTR FM NORMAL M
[CDD (BASE 65) ]
TOTAL THIS MO. 571
DPTR FM NORMAL M [PRESSURE DATA]
TOTAL FM JAN 1 3325 HIGHEST SLP M ON M
DPTR FM NORMAL M LOWEST SLP M ON M
[REMARKS]
#FINAL-09-21#