000
CXUS54 KMAF 011110
CF6PRS
PRELIMINARY LOCAL CLIMATOLOGICAL DATA (WS FORM: F-6)
STATION: PRESIDIO LELY
MONTH: JUNE
YEAR: 2021
LATITUDE: 29 38 N
LONGITUDE: 104 22 W
TEMPERATURE IN F: :PCPN: SNOW: WIND :SUNSHINE: SKY :PK WND
================================================================================
1 2 3 4 5 6A 6B 7 8 9 10 11 12 13 14 15 16 17 18
12Z AVG MX 2MIN
DY MAX MIN AVG DEP HDD CDD WTR SNW DPTH SPD SPD DIR MIN PSBL S-S WX SPD DR
================================================================================
1 88 70 79 M 0 14 M M M 11.3 21 30 M M 5 35 30
2 92 66 79 M 0 14 M M M 6.1 25 10 M M 1 3 38 10
3 91 60 76 M 0 11 M M M 6.3 26 20 M M 0 32 20
4 92 66 79 M 0 14 M M M 5.8 13 60 M M 2 20 60
5 98 68 83 M 0 18 M M M 4.8 8 260 M M 0 17 0
6 104 72 88 M 0 23 M M M 7.9 15 300 M M 0 24 310
7 104 73 89 M 0 24 M M M 4.9 16 260 M M 0 24 280
8 107 77 92 M 0 27 M M M 5.8 15 50 M M 0 22 50
9 109 82 96 M 0 31 M M M 8.0 14 20 M M 0 23 90
10 109 82 96 M 0 31 M M M 5.6 10 30 M M 0 18 20
11 110 82 96 M 0 31 M M M 6.4 13 50 M M 0 23 60
12 109 83 96 M 0 31 M M M 9.2 18 60 M M 0 25 60
13 104 80 92 M 0 27 M M M 10.8 17 70 M M 0 24 70
14 104 77 91 M 0 26 M M M 9.9 17 60 M M 0 30 50
15 101 77 89 M 0 24 M M M 12.0 20 40 M M 1 30 30
16 100 76 88 M 0 23 M M M 10.9 20 60 M M 0 28 40
17 98 74 86 M 0 21 M M M 8.7 16 60 M M 1 23 120
18 100 74 87 M 0 22 M M M 6.0 15 60 M M 0 22 60
19 102 75 89 M 0 24 M M M 5.9 10 150 M M 0 M M
20 109 77 93 M 0 28 M M M 5.7 12 200 M M 0 16 200
21 109 77 93 M 0 28 0.21 M M 8.7 23 360 M M 5 8 30 360
22 101 73 87 M 0 22 M M M 9.8 17 50 M M 0 28 40
23 105 77 91 M 0 26 M M M 8.5 17 60 M M 1 26 60
24 107 79 93 M 0 28 M M M 8.7 17 50 M M 0 26 50
25 103 80 92 M 0 27 M M M 7.3 21 180 M M 0 29 180
26 105 79 92 M 0 27 0.06 M M 9.2 28 50 M M 1 3 39 50
27 84 71 78 M 0 13 0.03 M M 11.4 23 30 M M 4 3 35 30
28 85 67 76 M 0 11 1.07 M M 6.0 14 360 M M 8 3 37 60
29 91 69 80 M 0 15 0.02 M M 5.7 14 60 M M 7 23 60
30 91 72 82 M 0 17 M M M 11.0 17 60 M M 4 23 60
================================================================================
SM 3012 2235 0 678 1.39 M 238.5 M 40
================================================================================
AV100.4 74.5 7.9 FASTST M M 1 MAX(MPH)
MISC ----> 28 50 39 50
================================================================================
NOTES:
# LAST OF SEVERAL OCCURRENCES
COLUMN 17 PEAK WIND IN M.P.H.
PRELIMINARY LOCAL CLIMATOLOGICAL DATA (WS FORM: F-6) , PAGE 2
STATION: PRESIDIO LELY
MONTH: JUNE
YEAR: 2021
LATITUDE: 29 38 N
LONGITUDE: 104 22 W
[TEMPERATURE DATA] [PRECIPITATION DATA] SYMBOLS USED IN COLUMN 16
AVERAGE MONTHLY: 87.5 TOTAL FOR MONTH: 1.39 1 = FOG OR MIST
DPTR FM NORMAL: 0.0 DPTR FM NORMAL: M 2 = FOG REDUCING VISIBILITY
HIGHEST: 110 ON 11 GRTST 24HR 1.07 ON 28-28 TO 1/4 MILE OR LESS
LOWEST: 60 ON 3 3 = THUNDER
SNOW, ICE PELLETS, HAIL 4 = ICE PELLETS
TOTAL MONTH: M 5 = HAIL
GRTST 24HR M ON M 6 = FREEZING RAIN OR DRIZZLE
GRTST DEPTH: M ON M 7 = DUSTSTORM OR SANDSTORM:
VSBY 1/2 MILE OR LESS
8 = SMOKE OR HAZE
[NO. OF DAYS WITH] [WEATHER - DAYS WITH] 9 = BLOWING SNOW
X = TORNADO
MAX 32 OR BELOW: 0 0.01 INCH OR MORE: 5
MAX 90 OR ABOVE: 27 0.10 INCH OR MORE: 2
MIN 32 OR BELOW: 0 0.50 INCH OR MORE: 1
MIN 0 OR BELOW: 0 1.00 INCH OR MORE: 1
[HDD (BASE 65) ]
TOTAL THIS MO. 0 CLEAR (SCALE 0-3) 24
DPTR FM NORMAL M PTCLDY (SCALE 4-7) 5
TOTAL FM JUL 1 1348 CLOUDY (SCALE 8-10) 1
DPTR FM NORMAL M
[CDD (BASE 65) ]
TOTAL THIS MO. 678
DPTR FM NORMAL M [PRESSURE DATA]
TOTAL FM JAN 1 1496 HIGHEST SLP M ON M
DPTR FM NORMAL M LOWEST SLP M ON M
[REMARKS]
#FINAL-06-21#