000
CXUS54 KMAF 011110
CF6PRS
PRELIMINARY LOCAL CLIMATOLOGICAL DATA (WS FORM: F-6)
STATION: PRESIDIO LELY
MONTH: AUGUST
YEAR: 2023
LATITUDE: 29 38 N
LONGITUDE: 104 22 W
TEMPERATURE IN F: :PCPN: SNOW: WIND :SUNSHINE: SKY :PK WND
================================================================================
1 2 3 4 5 6A 6B 7 8 9 10 11 12 13 14 15 16 17 18
12Z AVG MX 2MIN
DY MAX MIN AVG DEP HDD CDD WTR SNW DPTH SPD SPD DIR MIN PSBL S-S WX SPD DR
================================================================================
1 101 79 90 M 0 25 M M M 6.3 22 10 M M 1 30 70
2 103 78 91 M 0 26 M M M 4.9 10 40 M M 0 17 80
3 104 77 91 M 0 26 M M M 5.8 12 20 M M 0 17 230
4 106 81 94 M 0 29 M M M 6.7 14 360 M M 1 23 120
5 108 83 96 M 0 31 M M M 6.5 14 90 M M 0 22 70
6 111 82 97 M 0 32 M M M 6.4 14 130 M M 0 20 50
7 111 84 98 M 0 33 M M M 7.6 14 80 M M 0 8 23 40
8 108 83 96 M 0 31 M M M 7.0 23 300 M M 0 31 300
9 109 87 98 M 0 33 M M M 6.7 14 290 M M 0 25 320
10 108 83 96 M 0 31 M M M 7.9 17 30 M M 0 24 30
11 104 81 93 M 0 28 M M M 7.7 24 280 M M 0 35 290
12 103 79 91 M 0 26 M M M 8.5 20 290 M M 0 3 26 300
13 102 78 90 M 0 25 M M M 5.4 14 270 M M 1 36 110
14 102 77 90 M 0 25 M M M 7.0 22 280 M M 1 29 280
15 99 77 88 M 0 23 0.06 M M 9.4 14 50 M M 2 3 22 50
16 102 76 89 M 0 24 M M M 6.8 12 90 M M 1 26 180
17 104 79 92 M 0 27 M M M 7.0 15 90 M M 1 21 90
18 102 80 91 M 0 26 M M M 9.5 15 100 M M 0 25 70
19 103 81 92 M 0 27 M M M 10.7 17 50 M M 0 32 50
20 103 81 92 M 0 27 M M M 13.5 24 50 M M 1 35 50
21 100 77 89 M 0 24 M M M 10.1 18 80 M M 1 25 120
22 92 67 80 M 0 15 0.26 M M 7.8 17 120 M M 3 3 59 120
23 85 67 76 M 0 11 0.11 M M 5.1 12 50 M M 7 22 50
24 96 72 84 M 0 19 M M M 8.5 17 50 M M 1 25 50
25 98 75 87 M 0 22 M M M 9.2 16 50 M M 0 23 50
26 100 75 88 M 0 23 M M M 9.1 15 50 M M 0 22 100
27 100 80 90 M 0 25 M M M 8.3 15 360 M M 1 28 50
28 99 78 89 M 0 24 M M M 9.0 16 40 M M 1 22 40
29 96 77 87 M 0 22 M M M 9.4 16 40 M M 3 22 40
30 96 73 85 M 0 20 M M M 5.3 10 360 M M 1 20 110
31 99 74 87 M 0 22 M M M 7.1 12 360 M M 0 18 50
================================================================================
SM 3154 2421 0 782 0.43 M 240.1 M 27
================================================================================
AV101.7 78.1 7.7 FASTST M M 1 MAX(MPH)
MISC ----> # 24 280 59 120
================================================================================
NOTES:
# LAST OF SEVERAL OCCURRENCES
COLUMN 17 PEAK WIND IN M.P.H.
PRELIMINARY LOCAL CLIMATOLOGICAL DATA (WS FORM: F-6) , PAGE 2
STATION: PRESIDIO LELY
MONTH: AUGUST
YEAR: 2023
LATITUDE: 29 38 N
LONGITUDE: 104 22 W
[TEMPERATURE DATA] [PRECIPITATION DATA] SYMBOLS USED IN COLUMN 16
AVERAGE MONTHLY: 89.9 TOTAL FOR MONTH: 0.43 1 = FOG OR MIST
DPTR FM NORMAL: 0.0 DPTR FM NORMAL: M 2 = FOG REDUCING VISIBILITY
HIGHEST: 111 ON 7, 6 GRTST 24HR 0.26 ON 22-22 TO 1/4 MILE OR LESS
LOWEST: 67 ON 23,22 3 = THUNDER
SNOW, ICE PELLETS, HAIL 4 = ICE PELLETS
TOTAL MONTH: M 5 = HAIL
GRTST 24HR M ON M 6 = FREEZING RAIN OR DRIZZLE
GRTST DEPTH: M ON M 7 = DUSTSTORM OR SANDSTORM:
VSBY 1/2 MILE OR LESS
8 = SMOKE OR HAZE
[NO. OF DAYS WITH] [WEATHER - DAYS WITH] 9 = BLOWING SNOW
X = TORNADO
MAX 32 OR BELOW: 0 0.01 INCH OR MORE: 3
MAX 90 OR ABOVE: 30 0.10 INCH OR MORE: 2
MIN 32 OR BELOW: 0 0.50 INCH OR MORE: 0
MIN 0 OR BELOW: 0 1.00 INCH OR MORE: 0
[HDD (BASE 65) ]
TOTAL THIS MO. 0 CLEAR (SCALE 0-3) 30
DPTR FM NORMAL M PTCLDY (SCALE 4-7) 1
TOTAL FM JUL 1 0 CLOUDY (SCALE 8-10) 0
DPTR FM NORMAL M
[CDD (BASE 65) ]
TOTAL THIS MO. 782
DPTR FM NORMAL M [PRESSURE DATA]
TOTAL FM JAN 1 3053 HIGHEST SLP M ON M
DPTR FM NORMAL M LOWEST SLP M ON M
[REMARKS]
#FINAL-08-23#