000
CXUS54 KFWD 010831
CF6PRX
PRELIMINARY LOCAL CLIMATOLOGICAL DATA (WS FORM: F-6)
STATION: PARIS
MONTH: JANUARY
YEAR: 2023
LATITUDE: 33 37 N
LONGITUDE: 95 27 W
TEMPERATURE IN F: :PCPN: SNOW: WIND :SUNSHINE: SKY :PK WND
================================================================================
1 2 3 4 5 6A 6B 7 8 9 10 11 12 13 14 15 16 17 18
12Z AVG MX 2MIN
DY MAX MIN AVG DEP HDD CDD WTR SNW DPTH SPD SPD DIR MIN PSBL S-S WX SPD DR
================================================================================
1 77 49 63 20 2 0 T M M 10.1 17 190 M M 0 1 22 200
2 73 58 66 23 0 1 0.73 M M 10.7 23 260 M M 8 123 31 240
3 67 48 58 15 7 0 0.03 M M 8.0 21 270 M M 3 1 28 270
4 57 38 48 5 17 0 T M M 7.2 13 330 M M 0 M M
5 60 35 48 5 17 0 0.00 M M 5.8 13 270 M M 0 8 17 300
6 71 34 53 10 12 0 T M M 9.8 20 160 M M 1 25 160
7 65 48 57 14 8 0 0.00 M M 9.7 15 210 M M 2 1 23 210
8 58 36 47 4 18 0 0.00 M M 5.2 13 340 M M 0 M M
9 66 34 50 7 15 0 0.00 M M 7.1 14 180 M M 0 20 180
10 76 39 58 15 7 0 0.00 M M 10.0 22 200 M M 1 12 28 200
11 80 51 66 23 0 1 0.00 M M 11.7 17 190 M M 0 24 190
12 62 35 49 6 16 0 T M M 15.1 28 340 M M 3 37 330
13 54 31 43 0 22 0 T M M 8.6 15 320 M M 0 M M
14 56 30 43 0 22 0 T M M 9.5 15 160 M M 0 M M
15 65 39 52 9 13 0 T M M 12.8 21 150 M M 7 24 150
16 73 53 63 20 2 0 0.00 M M 11.8 18 210 M M 4 30 220
17 75 47 61 18 4 0 0.00 M M 6.6 14 190 M M 2 12 M M
18 68 48 58 15 7 0 0.02 M M 9.5 18 280 M M 5 1 35 290
19 56 38 47 4 18 0 0.00 M M 10.7 20 290 M M 0 25 300
20 60 33 47 4 18 0 T M M 5.7 10 130 M M 2 M M
21 57 42 50 7 15 0 T M M 9.3 16 120 M M 10 21 150
22 47 30 39 -4 26 0 0.00 M M 10.2 18 290 M M 4 24 310
23 52 26 39 -4 26 0 T M M 5.2 8 70 M M 1 M M
24 43 33 38 -5 27 0 1.51 M M 10.4 16 20 M M 8 1 21 50
25 43 32 38 -6 27 0 T M M 10.7 16 300 M M 9 24 280
26 52 28 40 -4 25 0 0.00 M M 7.8 14 270 M M 0 1 21 270
27 60 29 45 1 20 0 0.00 M M 10.4 20 210 M M 0 24 230
28 60 38 49 5 16 0 M M M 8.6 13 150 M M 9 1 M M
29 62 28 45 1 20 0 0.12 M M 12.3 20 330 M M 10 1 28 330
30 31 27 29 -15 36 0 0.14 M M 13.2 17 340 M M 10 16 22 330
31 28 25 27 -17 38 0 0.11 M M 13.1 17 330 M M 10 146 21 330
================================================================================
SM 1854 1162 501 2 2.66 M 296.9 M 109
================================================================================
AV 59.8 37.5 9.6 FASTST M M 4 MAX(MPH)
MISC ----> 28 340 37 330
================================================================================
NOTES:
# LAST OF SEVERAL OCCURRENCES
COLUMN 17 PEAK WIND IN M.P.H.
PRELIMINARY LOCAL CLIMATOLOGICAL DATA (WS FORM: F-6) , PAGE 2
STATION: PARIS
MONTH: JANUARY
YEAR: 2023
LATITUDE: 33 37 N
LONGITUDE: 95 27 W
[TEMPERATURE DATA] [PRECIPITATION DATA] SYMBOLS USED IN COLUMN 16
AVERAGE MONTHLY: 48.6 TOTAL FOR MONTH: 2.66 1 = FOG OR MIST
DPTR FM NORMAL: 5.6 DPTR FM NORMAL: -0.04 2 = FOG REDUCING VISIBILITY
HIGHEST: 80 ON 11 GRTST 24HR 1.51 ON 24-24 TO 1/4 MILE OR LESS
LOWEST: 25 ON 31 3 = THUNDER
SNOW, ICE PELLETS, HAIL 4 = ICE PELLETS
TOTAL MONTH: M 5 = HAIL
GRTST 24HR M ON M 6 = FREEZING RAIN OR DRIZZLE
GRTST DEPTH: M ON M 7 = DUSTSTORM OR SANDSTORM:
VSBY 1/2 MILE OR LESS
8 = SMOKE OR HAZE
[NO. OF DAYS WITH] [WEATHER - DAYS WITH] 9 = BLOWING SNOW
X = TORNADO
MAX 32 OR BELOW: 2 0.01 INCH OR MORE: 7
MAX 90 OR ABOVE: 0 0.10 INCH OR MORE: 5
MIN 32 OR BELOW: 10 0.50 INCH OR MORE: 2
MIN 0 OR BELOW: 0 1.00 INCH OR MORE: 1
[HDD (BASE 65) ]
TOTAL THIS MO. 501 CLEAR (SCALE 0-3) 17
DPTR FM NORMAL -180 PTCLDY (SCALE 4-7) 7
TOTAL FM JUL 1 1533 CLOUDY (SCALE 8-10) 7
DPTR FM NORMAL -207
[CDD (BASE 65) ]
TOTAL THIS MO. 2
DPTR FM NORMAL 1 [PRESSURE DATA]
TOTAL FM JAN 1 2 HIGHEST SLP 30.45 ON 13
DPTR FM NORMAL 1 LOWEST SLP 29.65 ON 2
[REMARKS]
#FINAL-01-23#