000
CXUS54 KFWD 290731
CF6PRX
PRELIMINARY LOCAL CLIMATOLOGICAL DATA (WS FORM: F-6)
STATION: PARIS
MONTH: MARCH
YEAR: 2024
LATITUDE: 33 37 N
LONGITUDE: 95 27 W
TEMPERATURE IN F: :PCPN: SNOW: WIND :SUNSHINE: SKY :PK WND
================================================================================
1 2 3 4 5 6A 6B 7 8 9 10 11 12 13 14 15 16 17 18
12Z AVG MX 2MIN
DY MAX MIN AVG DEP HDD CDD WTR SNW DPTH SPD SPD DIR MIN PSBL S-S WX SPD DR
================================================================================
1 59 38 49 -2 16 0 0.00 M M 8.3 12 140 M M 6 M M
2 81 43 62 10 3 0 0.00 M M 11.8 20 190 M M 0 1 24 170
3 80 58 69 17 0 4 0.00 M M 14.1 20 190 M M 4 1 24 190
4 82 63 73 21 0 8 0.00 M M 11.0 17 210 M M 4 1 24 210
5 82 59 71 19 0 6 0.01 M M 7.8 17 110 M M 4 13 M M
6 81 52 67 14 0 2 0.00 M M 7.2 10 180 M M 2 M M
7 71 59 65 12 0 0 1.41 M M 10.7 20 70 M M 7 13 25 60
8 66 46 56 3 9 0 0.68 M M 10.2 30 350 M M 7 1 38 350
9 59 42 51 -3 14 0 0.00 M M 13.2 21 330 M M 5 30 330
10 64 35 50 -4 15 0 0.00 M M 2.8 6 120 M M 0 M M
11 68 39 54 0 11 0 0.00 M M 7.8 18 170 M M 1 23 170
12 75 46 61 7 4 0 0.00 M M 11.0 22 190 M M 3 26 190
13 79 58 69 14 0 4 0.00 M M 11.0 20 160 M M 5 24 180
14 81 63 72 17 0 7 1.95 M M 12.1 40 280 M M 9 13 47 270
15 65 55 60 5 5 0 0.34 M M 10.7 20 20 M M 9 3 25 20
16 67 55 61 5 4 0 0.75 M M 6.3 10 70 M M 9 13 M M
17 65 51 58 2 7 0 0.00 M M 10.3 18 360 M M 6 23 350
18 56 38 47 -9 18 0 0.00 M M 9.4 17 360 M M 1 30 360
19 66 30 48 -8 17 0 0.00 M M 6.3 10 190 M M 0 16 200
20 73 44 59 2 6 0 0.00 M M 6.6 13 200 M M 2 M M
21 71 53 62 5 3 0 0.97 M M 8.2 17 120 M M 6 1 22 110
22 61 54 58 1 7 0 0.81 M M 9.4 23 100 M M 7 1 26 100
23 67 45 56 -2 9 0 0.00 M M 8.4 16 340 M M 0 M M
24 67 48 58 0 7 0 0.00 M M 16.9 22 160 M M 5 30 130
25 66 44 55 -3 10 0 2.10 M M 10.6 17 290 M M 7 13 31 290
26 58 37 48 -10 17 0 0.00 M M 9.4 15 310 M M 0 18 280
27 61 35 48 -11 17 0 0.00 M M 4.9 9 110 M M 3 M M
28 71 41 56 -3 9 0 0.00 M M 7.1 12 200 M M 1 M M
================================================================================
SM 1942 1331 208 31 9.02 M 263.5 M 113
================================================================================
AV 69.4 47.5 9.4 FASTST M M 4 MAX(MPH)
MISC ----> 40 280 47 270
================================================================================
NOTES:
# LAST OF SEVERAL OCCURRENCES
COLUMN 17 PEAK WIND IN M.P.H.
PRELIMINARY LOCAL CLIMATOLOGICAL DATA (WS FORM: F-6) , PAGE 2
STATION: PARIS
MONTH: MARCH
YEAR: 2024
LATITUDE: 33 37 N
LONGITUDE: 95 27 W
[TEMPERATURE DATA] [PRECIPITATION DATA] SYMBOLS USED IN COLUMN 16
AVERAGE MONTHLY: 58.4 TOTAL FOR MONTH: 9.02 1 = FOG OR MIST
DPTR FM NORMAL: 3.3 DPTR FM NORMAL: 4.99 2 = FOG REDUCING VISIBILITY
HIGHEST: 82 ON 5, 4 GRTST 24HR 2.60 ON 14-15 TO 1/4 MILE OR LESS
LOWEST: 30 ON 19 3 = THUNDER
SNOW, ICE PELLETS, HAIL 4 = ICE PELLETS
TOTAL MONTH: M 5 = HAIL
GRTST 24HR M ON M 6 = FREEZING RAIN OR DRIZZLE
GRTST DEPTH: M ON M 7 = DUSTSTORM OR SANDSTORM:
VSBY 1/2 MILE OR LESS
8 = SMOKE OR HAZE
[NO. OF DAYS WITH] [WEATHER - DAYS WITH] 9 = BLOWING SNOW
X = TORNADO
MAX 32 OR BELOW: 0 0.01 INCH OR MORE: 9
MAX 90 OR ABOVE: 0 0.10 INCH OR MORE: 8
MIN 32 OR BELOW: 1 0.50 INCH OR MORE: 7
MIN 0 OR BELOW: 0 1.00 INCH OR MORE: 3
[HDD (BASE 65) ]
TOTAL THIS MO. 208 CLEAR (SCALE 0-3) 11
DPTR FM NORMAL -86 PTCLDY (SCALE 4-7) 14
TOTAL FM JUL 1 2209 CLOUDY (SCALE 8-10) 3
DPTR FM NORMAL -325
[CDD (BASE 65) ]
TOTAL THIS MO. 31
DPTR FM NORMAL 15 [PRESSURE DATA]
TOTAL FM JAN 1 53 HIGHEST SLP M ON M
DPTR FM NORMAL 34 LOWEST SLP M ON M
[REMARKS]