859
CXUS56 KPDT 011910
CF6PSC
PRELIMINARY LOCAL CLIMATOLOGICAL DATA (WS FORM: F-6)
STATION: PASCO WA
MONTH: NOVEMBER
YEAR: 2020
LATITUDE: 46 16 N
LONGITUDE: 119 7 W
TEMPERATURE IN F: :PCPN: SNOW: WIND :SUNSHINE: SKY :PK WND
================================================================================
1 2 3 4 5 6A 6B 7 8 9 10 11 12 13 14 15 16 17 18
12Z AVG MX 2MIN
DY MAX MIN AVG DEP HDD CDD WTR SNW DPTH SPD SPD DIR MIN PSBL S-S WX SPD DR
================================================================================
1 59 26 43 -3 22 0 0.00 M M 2.9 9 330 M M 0 8 14 330
2 59 26 43 -3 22 0 0.00 M M 2.6 7 10 M M 0 18 8 340
3 56 25 41 -5 24 0 T M M 3.0 12 350 M M 2 18 12 350
4 75 43 59 14 6 0 0.00 M M 8.2 20 220 M M 2 26 220
5 70 50 60 15 5 0 0.64 M M 8.9 26 230 M M 8 1 34 230
6 51 45 48 3 17 0 0.22 M M 9.5 20 320 M M 10 24 330
7 50 35 43 -1 22 0 0.00 M M 5.9 15 320 M M 3 8 21 320
8 43 29 36 -8 29 0 0.02 M M 11.5 21 30 M M 7 18 27 30
9 46 22 34 -10 31 0 0.01 M M 8.8 21 220 M M 3 27 220
10 54 40 47 4 18 0 0.11 M M 14.0 32 230 M M 5 1 37 230
11 49 27 38 -5 27 0 0.01 M M 3.4 14 280 M M 4 16 280
12 43 25 34 -9 31 0 T M M 3.4 9 110 M M 3 1 12 320
13 56 41 49 7 16 0 0.01 M M 18.8 37 220 M M 5 48 230
14 51 41 46 4 19 0 0.11 M M 12.9 26 240 M M 4 36 230
15 58 42 50 8 15 0 0.00 M M 12.2 26 230 M M 2 36 210
16 48 43 46 5 19 0 0.05 M M 5.8 16 310 M M 7 1 19 310
17 54 39 47 6 18 0 T M M 4.4 22 230 M M 5 1 26 220
18 56 38 47 7 18 0 T M M 7.2 29 220 M M 3 38 210
19 55 41 48 8 17 0 0.00 M M 14.6 31 230 M M 3 37 240
20 53 29 41 1 24 0 0.00 M M 5.9 16 210 M M 0 18 210
21 53 26 40 1 25 0 0.00 M M 2.4 8 230 M M 0 1 11 220
22 36 23 30 -9 35 0 0.00 M M 4.4 9 120 M M 3 1 10 130
23 41 28 35 -4 30 0 0.01 M M 3.3 10 290 M M 9 18 13 280
24 52 31 42 4 23 0 0.02 M M 3.6 20 210 M M 8 128 24 200
25 50 28 39 1 26 0 T M M 8.4 23 230 M M 4 26 230
26 52 25 39 1 26 0 0.00 M M 5.0 15 200 M M 0 18 210
27 51 26 39 2 26 0 0.00 M M 3.6 12 180 M M 0 1 14 180
28 52 26 39 2 26 0 0.00 M M 3.9 12 350 M M 0 1 12 350
29 44 23 34 -3 31 0 0.00 M M 3.3 9 120 M M 5 12 10 120
30 54 31 43 7 22 0 T M M 11.5 33 240 M M 4 126 41 230
================================================================================
SM 1571 974 670 0 1.21 M 213.3 M 109
================================================================================
AV 52.4 32.5 7.1 FASTST M M 4 MAX(MPH)
MISC ----> 37 220 48 230
================================================================================
NOTES:
# LAST OF SEVERAL OCCURRENCES
COLUMN 17 PEAK WIND IN M.P.H.
PRELIMINARY LOCAL CLIMATOLOGICAL DATA (WS FORM: F-6) , PAGE 2
STATION: PASCO WA
MONTH: NOVEMBER
YEAR: 2020
LATITUDE: 46 16 N
LONGITUDE: 119 7 W
[TEMPERATURE DATA] [PRECIPITATION DATA] SYMBOLS USED IN COLUMN 16
AVERAGE MONTHLY: 42.4 TOTAL FOR MONTH: 1.21 1 = FOG OR MIST
DPTR FM NORMAL: 1.1 DPTR FM NORMAL: 0.12 2 = FOG REDUCING VISIBILITY
HIGHEST: 75 ON 4 GRTST 24HR 0.86 ON 5- 6 TO 1/4 MILE OR LESS
LOWEST: 22 ON 9 3 = THUNDER
SNOW, ICE PELLETS, HAIL 4 = ICE PELLETS
TOTAL MONTH: M 5 = HAIL
GRTST 24HR M ON M 6 = FREEZING RAIN OR DRIZZLE
GRTST DEPTH: M ON M 7 = DUSTSTORM OR SANDSTORM:
VSBY 1/2 MILE OR LESS
8 = SMOKE OR HAZE
[NO. OF DAYS WITH] [WEATHER - DAYS WITH] 9 = BLOWING SNOW
X = TORNADO
MAX 32 OR BELOW: 0 0.01 INCH OR MORE: 11
MAX 90 OR ABOVE: 0 0.10 INCH OR MORE: 4
MIN 32 OR BELOW: 18 0.50 INCH OR MORE: 1
MIN 0 OR BELOW: 0 1.00 INCH OR MORE: 0
[HDD (BASE 65) ]
TOTAL THIS MO. 670 CLEAR (SCALE 0-3) 14
DPTR FM NORMAL -41 PTCLDY (SCALE 4-7) 14
TOTAL FM JUL 1 1054 CLOUDY (SCALE 8-10) 2
DPTR FM NORMAL -174
[CDD (BASE 65) ]
TOTAL THIS MO. 0
DPTR FM NORMAL 0 [PRESSURE DATA]
TOTAL FM JAN 1 1006 HIGHEST SLP 30.53 ON 21
DPTR FM NORMAL 296 LOWEST SLP 29.33 ON 13
[REMARKS]
#FINAL-11-20#