000
CXUS55 KALY 010710
CF6PSF
PRELIMINARY LOCAL CLIMATOLOGICAL DATA (WS FORM: F-6)
STATION: PITTSFIELD MA
MONTH: MAY
YEAR: 2023
LATITUDE: 42 25 N
LONGITUDE: 73 18 W
TEMPERATURE IN F: :PCPN: SNOW: WIND :SUNSHINE: SKY :PK WND
================================================================================
1 2 3 4 5 6A 6B 7 8 9 10 11 12 13 14 15 16 17 18
12Z AVG MX 2MIN
DY MAX MIN AVG DEP HDD CDD WTR SNW DPTH SPD SPD DIR MIN PSBL S-S WX SPD DR
================================================================================
1 55 38 47 -4 18 0 0.45 M M 8.9 21 260 M M 8 1 33 270
2 51 37 44 -7 21 0 0.29 M M 4.7 16 230 M M M 1 21 230
3 50 38 44 -8 21 0 0.20 M M 3.6 14 180 M M 10 1 18 180
4 54 40 47 -5 18 0 0.06 M M 3.5 12 290 M M 10 1 17 300
5 59 39 49 -3 16 0 0.04 M M 3.3 14 50 M M 8 1 16 50
6 68 34 51 -2 14 0 0.00 M M 5.9 17 300 M M 5 12 24 340
7 71 42 57 4 8 0 0.03 M M 4.8 16 290 M M 2 21 300
8 67 45 56 3 9 0 0.00 M M 8.9 21 280 M M 2 28 270
9 61 39 50 -4 15 0 0.00 M M 4.4 15 300 M M 0 21 300
10 67 32 50 -4 15 0 0.00 M M 6.4 20 290 M M 0 1 26 250
11 75 41 58 4 7 0 0.00 M M 7.5 18 270 M M 0 24 270
12 80 45 63 8 2 0 T M M 8.1 24 280 M M 1 37 280
13 74 48 61 6 4 0 0.00 M M 7.4 20 280 M M 0 25 260
14 63 40 52 -3 13 0 0.00 M M 6.8 18 350 M M 0 27 350
15 69 36 53 -3 12 0 0.00 M M 8.5 21 270 M M 0 29 260
16 75 47 61 5 4 0 0.00 M M 10.7 23 260 M M 2 31 270
17 53 30 42 -14 23 0 0.00 M M 8.8 23 310 M M 4 32 300
18 61 27 44 -12 21 0 0.00 M M 4.8 14 270 M M 0 17 280
19 66 38 52 -5 13 0 0.00 M M 8.9 20 190 M M 3 28 190
20 63 44 54 -3 11 0 0.96 M M 5.3 17 130 M M 7 18 22 130
21 66 46 56 -1 9 0 0.02 M M 7.5 23 300 M M 7 1 32 300
22 72 43 58 0 7 0 0.00 M M 2.3 9 300 M M 5 12 13 50
23 72 44 58 0 7 0 0.00 M M 3.9 16 190 M M 2 1 23 180
24 74 41 58 0 7 0 0.13 M M 4.6 24 310 M M 6 1 33 300
25 61 37 49 -9 16 0 0.00 M M 7.0 16 330 M M 2 27 360
26 68 34 51 -8 14 0 0.00 M M 4.2 16 310 M M 0 1 23 320
27 77 39 58 -1 7 0 0.00 M M 3.4 14 250 M M 0 17 270
28 82 46 64 5 1 0 0.00 M M 3.8 13 260 M M 0 19 290
29 78 50 64 5 1 0 0.00 M M 5.9 15 120 M M 0 1 20 130
30 76 42 59 -1 6 0 0.00 M M 3.3 13 150 M M 0 17 160
31 84 43 64 4 1 0 0.00 M M 2.5 14 170 M M 0 1 17 170
================================================================================
SM 2092 1245 341 0 2.18 M 179.6 M 84
================================================================================
AV 67.5 40.2 5.8 FASTST M M 3 MAX(MPH)
MISC ----> # 24 280 37 280
================================================================================
NOTES:
# LAST OF SEVERAL OCCURRENCES
COLUMN 17 PEAK WIND IN M.P.H.
PRELIMINARY LOCAL CLIMATOLOGICAL DATA (WS FORM: F-6) , PAGE 2
STATION: PITTSFIELD MA
MONTH: MAY
YEAR: 2023
LATITUDE: 42 25 N
LONGITUDE: 73 18 W
[TEMPERATURE DATA] [PRECIPITATION DATA] SYMBOLS USED IN COLUMN 16
AVERAGE MONTHLY: 53.8 TOTAL FOR MONTH: 2.18 1 = FOG OR MIST
DPTR FM NORMAL: -1.9 DPTR FM NORMAL: -1.61 2 = FOG REDUCING VISIBILITY
HIGHEST: 84 ON 31 GRTST 24HR 0.98 ON 20-21 TO 1/4 MILE OR LESS
LOWEST: 27 ON 18 3 = THUNDER
SNOW, ICE PELLETS, HAIL 4 = ICE PELLETS
TOTAL MONTH: M 5 = HAIL
GRTST 24HR M ON M 6 = FREEZING RAIN OR DRIZZLE
GRTST DEPTH: M ON M 7 = DUSTSTORM OR SANDSTORM:
VSBY 1/2 MILE OR LESS
8 = SMOKE OR HAZE
[NO. OF DAYS WITH] [WEATHER - DAYS WITH] 9 = BLOWING SNOW
X = TORNADO
MAX 32 OR BELOW: 0 0.01 INCH OR MORE: 9
MAX 90 OR ABOVE: 0 0.10 INCH OR MORE: 5
MIN 32 OR BELOW: 3 0.50 INCH OR MORE: 1
MIN 0 OR BELOW: 0 1.00 INCH OR MORE: 0
[HDD (BASE 65) ]
TOTAL THIS MO. 341 CLEAR (SCALE 0-3) 19
DPTR FM NORMAL 39 PTCLDY (SCALE 4-7) 8
TOTAL FM JUL 1 6340 CLOUDY (SCALE 8-10) 4
DPTR FM NORMAL -789
[CDD (BASE 65) ]
TOTAL THIS MO. 0
DPTR FM NORMAL -14 [PRESSURE DATA]
TOTAL FM JAN 1 7 HIGHEST SLP M ON M
DPTR FM NORMAL -9 LOWEST SLP 28.94 ON 1
[REMARKS]
#FINAL-05-23#