000
CDUS41 KALY 150624
CLIPSF


CLIMATE REPORT
NATIONAL WEATHER SERVICE ALBANY NY
223 AM EDT TUE MAY 15 2018


...................................

...THE PITTSFIELD MA CLIMATE SUMMARY FOR MAY 14 2018...

CLIMATE NORMAL PERIOD 1981 TO 2010
CLIMATE RECORD PERIOD 9999 TO 9999


WEATHER ITEM   OBSERVED TIME   NORMAL DEPARTURE LAST
                VALUE   (LST)  VALUE  FROM      YEAR
                                      NORMAL
......................................................
TEMPERATURE (F)
 YESTERDAY
  MAXIMUM         74    423 PM  66      8       57
  MINIMUM         50    526 AM  43      7       37
  AVERAGE         62            54      8       47

PRECIPITATION (IN)
  YESTERDAY        0.00          0.12  -0.12     0.14
  MONTH TO DATE    1.17          1.58  -0.41     4.36
  SINCE MAR 1      7.15          8.81  -1.66    10.76
  SINCE JAN 1     15.90         14.41   1.49    16.34

DEGREE DAYS
 HEATING
  YESTERDAY        3            11     -8       18
  MONTH TO DATE   95           181    -86      237
  SINCE MAR 1   1902          1836     66     1844
  SINCE JUL 1   6744          7216   -472     6546

 COOLING
  YESTERDAY        0             0      0        0
  MONTH TO DATE   12             0     12        0
  SINCE MAR 1     12             2     10        2
  SINCE JAN 1     12             2     10        2
......................................................


WIND (MPH)
  HIGHEST WIND SPEED    12   HIGHEST WIND DIRECTION     W (250)
  HIGHEST GUST SPEED    15   HIGHEST GUST DIRECTION     W (260)
  AVERAGE WIND SPEED     4.0


SKY COVER
  AVERAGE SKY COVER 0.5



RELATIVE HUMIDITY (PERCENT)
 HIGHEST    89
 LOWEST     41
 AVERAGE    65

..........................................................


THE PITTSFIELD MA CLIMATE NORMALS FOR TODAY
                         NORMAL
 MAXIMUM TEMPERATURE (F)   66
 MINIMUM TEMPERATURE (F)   43


SUNRISE AND SUNSET
MAY 15 2018...........SUNRISE   532 AM EDT   SUNSET   808 PM EDT
MAY 16 2018...........SUNRISE   531 AM EDT   SUNSET   809 PM EDT


-  INDICATES NEGATIVE NUMBERS.
R  INDICATES RECORD WAS SET OR TIED.
MM INDICATES DATA IS MISSING.
T  INDICATES TRACE AMOUNT.




$$
