000
CDUS41 KALY 010633
CLIPSF


CLIMATE REPORT
NATIONAL WEATHER SERVICE ALBANY NY
230 AM EDT TUE MAY 1 2018


...................................

...THE PITTSFIELD MA CLIMATE SUMMARY FOR APRIL 30 2018...

CLIMATE NORMAL PERIOD 1981 TO 2010
CLIMATE RECORD PERIOD 9999 TO 9999


WEATHER ITEM   OBSERVED TIME   NORMAL DEPARTURE LAST
                VALUE   (LST)  VALUE  FROM      YEAR
                                      NORMAL
......................................................
TEMPERATURE (F)
 YESTERDAY
  MAXIMUM         44   1141 PM  61    -17       56
  MINIMUM         34    740 AM  39     -5       40
  AVERAGE         39            50    -11       48

PRECIPITATION (IN)
  YESTERDAY        0.10          0.10   0.00     0.10
  MONTH TO DATE    3.63          3.86  -0.23     3.29
  SINCE MAR 1      5.98          7.23  -1.25     6.40
  SINCE JAN 1     14.73         12.83   1.90    11.98

DEGREE DAYS
 HEATING
  YESTERDAY       26            15     11       17
  MONTH TO DATE  774           628    146      476
  SINCE MAR 1   1807          1655    152     1607
  SINCE JUL 1   6649          7035   -386     6309

 COOLING
  YESTERDAY        0             0      0        0
  MONTH TO DATE    0             2     -2        2
  SINCE MAR 1      0             2     -2        2
  SINCE JAN 1      0             2     -2        2
......................................................


WIND (MPH)
  HIGHEST WIND SPEED    20   HIGHEST WIND DIRECTION     W (290)
  HIGHEST GUST SPEED    27   HIGHEST GUST DIRECTION     W (270)
  AVERAGE WIND SPEED     9.9


SKY COVER
  AVERAGE SKY COVER 0.9



RELATIVE HUMIDITY (PERCENT)
 HIGHEST    92
 LOWEST     82
 AVERAGE    87

..........................................................


THE PITTSFIELD MA CLIMATE NORMALS FOR TODAY
                         NORMAL
 MAXIMUM TEMPERATURE (F)   61
 MINIMUM TEMPERATURE (F)   39


SUNRISE AND SUNSET
MAY  1 2018...........SUNRISE   548 AM EDT   SUNSET   753 PM EDT
MAY  2 2018...........SUNRISE   547 AM EDT   SUNSET   754 PM EDT


-  INDICATES NEGATIVE NUMBERS.
R  INDICATES RECORD WAS SET OR TIED.
MM INDICATES DATA IS MISSING.
T  INDICATES TRACE AMOUNT.




$$
