000
CDUS41 KALY 020629
CLIPSF


CLIMATE REPORT
NATIONAL WEATHER SERVICE ALBANY NY
228 AM EDT MON APR 2 2018


...................................

...THE PITTSFIELD MA CLIMATE SUMMARY FOR APRIL 1 2018...

CLIMATE NORMAL PERIOD 1981 TO 2010
CLIMATE RECORD PERIOD 9999 TO 9999


WEATHER ITEM   OBSERVED TIME   NORMAL DEPARTURE LAST
                VALUE   (LST)  VALUE  FROM      YEAR
                                      NORMAL
......................................................
TEMPERATURE (F)
 YESTERDAY
  MAXIMUM         45    826 AM  48     -3       37
  MINIMUM         27   1154 PM  28     -1       31
  AVERAGE         36            38     -2       34

PRECIPITATION (IN)
  YESTERDAY        T             0.17  -0.17     0.04
  MONTH TO DATE    T             0.17  -0.17     0.04
  SINCE MAR 1      2.35          3.54  -1.19     3.15
  SINCE JAN 1     11.10          9.14   1.96     8.73

DEGREE DAYS
 HEATING
  YESTERDAY       29            27      2       31
  MONTH TO DATE   29            27      2       31
  SINCE MAR 1   1062          1054      8     1162
  SINCE JUL 1   5904          6434   -530     5864

 COOLING
  YESTERDAY        0             0      0        0
  MONTH TO DATE    0             0      0        0
  SINCE MAR 1      0             0      0        0
  SINCE JAN 1      0             0      0        0
......................................................


WIND (MPH)
  HIGHEST WIND SPEED    25   HIGHEST WIND DIRECTION     W (290)
  HIGHEST GUST SPEED    31   HIGHEST GUST DIRECTION     W (280)
  AVERAGE WIND SPEED    11.4


SKY COVER
  AVERAGE SKY COVER 0.4



RELATIVE HUMIDITY (PERCENT)
 HIGHEST    57
 LOWEST     29
 AVERAGE    43

..........................................................


THE PITTSFIELD MA CLIMATE NORMALS FOR TODAY
                         NORMAL
 MAXIMUM TEMPERATURE (F)   49
 MINIMUM TEMPERATURE (F)   28


SUNRISE AND SUNSET
APRIL  2 2018.........SUNRISE   634 AM EDT   SUNSET   720 PM EDT
APRIL  3 2018.........SUNRISE   632 AM EDT   SUNSET   721 PM EDT


-  INDICATES NEGATIVE NUMBERS.
R  INDICATES RECORD WAS SET OR TIED.
MM INDICATES DATA IS MISSING.
T  INDICATES TRACE AMOUNT.




$$
