000
CDUS41 KALY 282119
CLIPSF


CLIMATE REPORT
NATIONAL WEATHER SERVICE ALBANY NY
518 PM EDT WED MAR 28 2018


...................................

...THE PITTSFIELD MA CLIMATE SUMMARY FOR MARCH 28 2018...
VALID TODAY AS OF 0400 PM LOCAL TIME.

CLIMATE NORMAL PERIOD 1981 TO 2010
CLIMATE RECORD PERIOD 9999 TO 9999


WEATHER ITEM   OBSERVED TIME   NORMAL DEPARTURE LAST
                VALUE   (LST)  VALUE  FROM      YEAR
                                      NORMAL
......................................................
TEMPERATURE (F)
 TODAY
  MAXIMUM         46    412 PM  47     -1       49
  MINIMUM         34    758 AM  26      8       34
  AVERAGE         40            36      4       42

PRECIPITATION (IN)
  TODAY            0.05          0.13  -0.08     0.33
  MONTH TO DATE    2.16          2.95  -0.79     2.12
  SINCE MAR 1      2.16          2.95  -0.79     2.12
  SINCE JAN 1     10.91          8.55   2.36     7.70

DEGREE DAYS
 HEATING
  TODAY           25            29     -4       23
  MONTH TO DATE  959           943     16     1043
  SINCE MAR 1    959           943     16     1043
  SINCE JUL 1   5801          6323   -522     5745

 COOLING
  TODAY            0             0      0        0
  MONTH TO DATE    0             0      0        0
  SINCE MAR 1      0             0      0        0
  SINCE JAN 1      0             0      0        0
......................................................


WIND (MPH)
  HIGHEST WIND SPEED    13   HIGHEST WIND DIRECTION     S (180)
  HIGHEST GUST SPEED    16   HIGHEST GUST DIRECTION     S (190)
  AVERAGE WIND SPEED     5.0


SKY COVER
  AVERAGE SKY COVER 1.0



RELATIVE HUMIDITY (PERCENT)
 HIGHEST    89
 LOWEST     27
 AVERAGE    58

..........................................................


THE PITTSFIELD MA CLIMATE NORMALS FOR TOMORROW
                         NORMAL
 MAXIMUM TEMPERATURE (F)   47
 MINIMUM TEMPERATURE (F)   26


SUNRISE AND SUNSET
MARCH 28 2018.........SUNRISE   643 AM EDT   SUNSET   715 PM EDT
MARCH 29 2018.........SUNRISE   641 AM EDT   SUNSET   716 PM EDT


-  INDICATES NEGATIVE NUMBERS.
R  INDICATES RECORD WAS SET OR TIED.
MM INDICATES DATA IS MISSING.
T  INDICATES TRACE AMOUNT.




$$
