000
CDUS41 KALY 170625
CLIPSF


CLIMATE REPORT
NATIONAL WEATHER SERVICE ALBANY NY
224 AM EDT TUE APR 17 2018


...................................

...THE PITTSFIELD MA CLIMATE SUMMARY FOR APRIL 16 2018...

CLIMATE NORMAL PERIOD 1981 TO 2010
CLIMATE RECORD PERIOD 9999 TO 9999


WEATHER ITEM   OBSERVED TIME   NORMAL DEPARTURE LAST
                VALUE   (LST)  VALUE  FROM      YEAR
                                      NORMAL
......................................................
TEMPERATURE (F)
 YESTERDAY
  MAXIMUM         46    946 PM  55     -9       81
  MINIMUM         30    113 AM  34     -4       51
  AVERAGE         38            44     -6       66

PRECIPITATION (IN)
  YESTERDAY        0.89          0.12   0.77     0.18
  MONTH TO DATE    2.21          2.41  -0.20     2.23
  SINCE MAR 1      4.56          5.78  -1.22     5.34
  SINCE JAN 1     13.31         11.38   1.93    10.92

DEGREE DAYS
 HEATING
  YESTERDAY       27            21      6        0
  MONTH TO DATE  472           381     91      300
  SINCE MAR 1   1505          1408     97     1431
  SINCE JUL 1   6347          6788   -441     6133

 COOLING
  YESTERDAY        0             0      0        1
  MONTH TO DATE    0             0      0        1
  SINCE MAR 1      0             0      0        1
  SINCE JAN 1      0             0      0        1
......................................................


WIND (MPH)
  HIGHEST WIND SPEED    26   HIGHEST WIND DIRECTION    NE (60)
  HIGHEST GUST SPEED    38   HIGHEST GUST DIRECTION    NE (60)
  AVERAGE WIND SPEED    11.4


SKY COVER
  AVERAGE SKY COVER 1.0



RELATIVE HUMIDITY (PERCENT)
 HIGHEST    89
 LOWEST     72
 AVERAGE    81

..........................................................


THE PITTSFIELD MA CLIMATE NORMALS FOR TODAY
                         NORMAL
 MAXIMUM TEMPERATURE (F)   55
 MINIMUM TEMPERATURE (F)   35


SUNRISE AND SUNSET
APRIL 17 2018.........SUNRISE   609 AM EDT   SUNSET   737 PM EDT
APRIL 18 2018.........SUNRISE   607 AM EDT   SUNSET   738 PM EDT


-  INDICATES NEGATIVE NUMBERS.
R  INDICATES RECORD WAS SET OR TIED.
MM INDICATES DATA IS MISSING.
T  INDICATES TRACE AMOUNT.




$$
