000
CDUS41 KALY 270625
CLIPSF


CLIMATE REPORT
NATIONAL WEATHER SERVICE ALBANY NY
225 AM EDT SUN MAY 27 2018


...................................

...THE PITTSFIELD MA CLIMATE SUMMARY FOR MAY 26 2018...

CLIMATE NORMAL PERIOD 1981 TO 2010
CLIMATE RECORD PERIOD 9999 TO 9999


WEATHER ITEM   OBSERVED TIME   NORMAL DEPARTURE LAST
                VALUE   (LST)  VALUE  FROM      YEAR
                                      NORMAL
......................................................
TEMPERATURE (F)
 YESTERDAY
  MAXIMUM         85    138 PM  69     16       58
  MINIMUM         54    513 AM  46      8       48
  AVERAGE         70            58     12       53

PRECIPITATION (IN)
  YESTERDAY        T             0.17  -0.17     0.96
  MONTH TO DATE    2.42          3.40  -0.98     6.11
  SINCE MAR 1      8.40         10.63  -2.23    12.51
  SINCE JAN 1     17.15         16.23   0.92    18.09

DEGREE DAYS
 HEATING
  YESTERDAY        0             8     -8       12
  MONTH TO DATE  136           291   -155      326
  SINCE MAR 1   1943          1946     -3     1933
  SINCE JUL 1   6785          7326   -541     6635

 COOLING
  YESTERDAY        5             0      5        0
  MONTH TO DATE   22             0     22       12
  SINCE MAR 1     22             2     20       14
  SINCE JAN 1     22             2     20       14
......................................................


WIND (MPH)
  HIGHEST WIND SPEED    17   HIGHEST WIND DIRECTION     W (250)
  HIGHEST GUST SPEED    22   HIGHEST GUST DIRECTION     W (250)
  AVERAGE WIND SPEED     5.7


SKY COVER
  AVERAGE SKY COVER 0.2



RELATIVE HUMIDITY (PERCENT)
 HIGHEST    86
 LOWEST     34
 AVERAGE    60

..........................................................


THE PITTSFIELD MA CLIMATE NORMALS FOR TODAY
                         NORMAL
 MAXIMUM TEMPERATURE (F)   70
 MINIMUM TEMPERATURE (F)   47


SUNRISE AND SUNSET
MAY 27 2018...........SUNRISE   522 AM EDT   SUNSET   820 PM EDT
MAY 28 2018...........SUNRISE   521 AM EDT   SUNSET   820 PM EDT


-  INDICATES NEGATIVE NUMBERS.
R  INDICATES RECORD WAS SET OR TIED.
MM INDICATES DATA IS MISSING.
T  INDICATES TRACE AMOUNT.




$$
