619
CDUS41 KALY 190626
CLIPSF


CLIMATE REPORT
NATIONAL WEATHER SERVICE ALBANY NY
225 AM EDT THU APR 19 2018


...................................

...THE PITTSFIELD MA CLIMATE SUMMARY FOR APRIL 18 2018...

CLIMATE NORMAL PERIOD 1981 TO 2010
CLIMATE RECORD PERIOD 9999 TO 9999


WEATHER ITEM   OBSERVED TIME   NORMAL DEPARTURE LAST
                VALUE   (LST)  VALUE  FROM      YEAR
                                      NORMAL
......................................................
TEMPERATURE (F)
 YESTERDAY
  MAXIMUM         42    145 PM  56    -14       58
  MINIMUM         31    622 AM  35     -4       31
  AVERAGE         37            45     -8       45

PRECIPITATION (IN)
  YESTERDAY        T             0.11  -0.11     0.00
  MONTH TO DATE    2.25          2.63  -0.38     2.26
  SINCE MAR 1      4.60          6.00  -1.40     5.37
  SINCE JAN 1     13.35         11.60   1.75    10.95

DEGREE DAYS
 HEATING
  YESTERDAY       28            20      8       20
  MONTH TO DATE  528           421    107      333
  SINCE MAR 1   1561          1448    113     1464
  SINCE JUL 1   6403          6828   -425     6166

 COOLING
  YESTERDAY        0             0      0        0
  MONTH TO DATE    0             0      0        1
  SINCE MAR 1      0             0      0        1
  SINCE JAN 1      0             0      0        1
......................................................


WIND (MPH)
  HIGHEST WIND SPEED    22   HIGHEST WIND DIRECTION     W (270)
  HIGHEST GUST SPEED    28   HIGHEST GUST DIRECTION    NW (310)
  AVERAGE WIND SPEED    10.2


SKY COVER
  AVERAGE SKY COVER 1.0



RELATIVE HUMIDITY (PERCENT)
 HIGHEST    75
 LOWEST     55
 AVERAGE    65

..........................................................


THE PITTSFIELD MA CLIMATE NORMALS FOR TODAY
                         NORMAL
 MAXIMUM TEMPERATURE (F)   56
 MINIMUM TEMPERATURE (F)   35


SUNRISE AND SUNSET
APRIL 19 2018.........SUNRISE   606 AM EDT   SUNSET   739 PM EDT
APRIL 20 2018.........SUNRISE   604 AM EDT   SUNSET   741 PM EDT


-  INDICATES NEGATIVE NUMBERS.
R  INDICATES RECORD WAS SET OR TIED.
MM INDICATES DATA IS MISSING.
T  INDICATES TRACE AMOUNT.




$$
