565
CDUS41 KALY 240624
CLIPSF


CLIMATE REPORT
NATIONAL WEATHER SERVICE ALBANY NY
222 AM EDT THU MAY 24 2018


...................................

...THE PITTSFIELD MA CLIMATE SUMMARY FOR MAY 23 2018...

CLIMATE NORMAL PERIOD 1981 TO 2010
CLIMATE RECORD PERIOD 9999 TO 9999


WEATHER ITEM   OBSERVED TIME   NORMAL DEPARTURE LAST
                VALUE   (LST)  VALUE  FROM      YEAR
                                      NORMAL
......................................................
TEMPERATURE (F)
 YESTERDAY
  MAXIMUM         77    413 PM  69      8       66
  MINIMUM         55   1156 PM  45     10       46
  AVERAGE         66            57      9       56

PRECIPITATION (IN)
  YESTERDAY        0.00          0.17  -0.17     0.00
  MONTH TO DATE    2.42          2.89  -0.47     5.01
  SINCE MAR 1      8.40         10.12  -1.72    11.41
  SINCE JAN 1     17.15         15.72   1.43    16.99

DEGREE DAYS
 HEATING
  YESTERDAY        0             8     -8        9
  MONTH TO DATE  135           267   -132      297
  SINCE MAR 1   1942          1922     20     1904
  SINCE JUL 1   6784          7302   -518     6606

 COOLING
  YESTERDAY        1             0      1        0
  MONTH TO DATE   16             0     16       12
  SINCE MAR 1     16             2     14       14
  SINCE JAN 1     16             2     14       14
......................................................


WIND (MPH)
  HIGHEST WIND SPEED    21   HIGHEST WIND DIRECTION     W (280)
  HIGHEST GUST SPEED    29   HIGHEST GUST DIRECTION    NW (300)
  AVERAGE WIND SPEED     8.3


SKY COVER
  AVERAGE SKY COVER 0.4



RELATIVE HUMIDITY (PERCENT)
 HIGHEST    93
 LOWEST     33
 AVERAGE    63

..........................................................


THE PITTSFIELD MA CLIMATE NORMALS FOR TODAY
                         NORMAL
 MAXIMUM TEMPERATURE (F)   69
 MINIMUM TEMPERATURE (F)   46


SUNRISE AND SUNSET
MAY 24 2018...........SUNRISE   524 AM EDT   SUNSET   817 PM EDT
MAY 25 2018...........SUNRISE   523 AM EDT   SUNSET   818 PM EDT


-  INDICATES NEGATIVE NUMBERS.
R  INDICATES RECORD WAS SET OR TIED.
MM INDICATES DATA IS MISSING.
T  INDICATES TRACE AMOUNT.




$$
