000
CDUS41 KALY 110635
CLIPSF


CLIMATE REPORT
NATIONAL WEATHER SERVICE ALBANY NY
235 AM EDT WED APR 11 2018


...................................

...THE PITTSFIELD MA CLIMATE SUMMARY FOR APRIL 10 2018...

CLIMATE NORMAL PERIOD 1981 TO 2010
CLIMATE RECORD PERIOD 9999 TO 9999


WEATHER ITEM   OBSERVED TIME   NORMAL DEPARTURE LAST
                VALUE   (LST)  VALUE  FROM      YEAR
                                      NORMAL
......................................................
TEMPERATURE (F)
 YESTERDAY
  MAXIMUM         40    316 PM  52    -12       78
  MINIMUM         25   1149 PM  32     -7       35
  AVERAGE         33            42     -9       57

PRECIPITATION (IN)
  YESTERDAY        0.05          0.16  -0.11     0.00
  MONTH TO DATE    1.08          1.60  -0.52     1.79
  SINCE MAR 1      3.43          4.97  -1.54     4.90
  SINCE JAN 1     12.18         10.57   1.61    10.48

DEGREE DAYS
 HEATING
  YESTERDAY       32            23      9        8
  MONTH TO DATE  327           251     76      228
  SINCE MAR 1   1360          1278     82     1359
  SINCE JUL 1   6202          6658   -456     6061

 COOLING
  YESTERDAY        0             0      0        0
  MONTH TO DATE    0             0      0        0
  SINCE MAR 1      0             0      0        0
  SINCE JAN 1      0             0      0        0
......................................................


WIND (MPH)
  HIGHEST WIND SPEED    14   HIGHEST WIND DIRECTION     W (280)
  HIGHEST GUST SPEED    18   HIGHEST GUST DIRECTION     W (290)
  AVERAGE WIND SPEED     5.0


SKY COVER
  AVERAGE SKY COVER 0.9



RELATIVE HUMIDITY (PERCENT)
 HIGHEST    92
 LOWEST     48
 AVERAGE    70

..........................................................


THE PITTSFIELD MA CLIMATE NORMALS FOR TODAY
                         NORMAL
 MAXIMUM TEMPERATURE (F)   53
 MINIMUM TEMPERATURE (F)   32


SUNRISE AND SUNSET
APRIL 11 2018.........SUNRISE   619 AM EDT   SUNSET   730 PM EDT
APRIL 12 2018.........SUNRISE   617 AM EDT   SUNSET   732 PM EDT


-  INDICATES NEGATIVE NUMBERS.
R  INDICATES RECORD WAS SET OR TIED.
MM INDICATES DATA IS MISSING.
T  INDICATES TRACE AMOUNT.




$$
