000
CDUS41 KALY 140657
CLIPSF


CLIMATE REPORT
NATIONAL WEATHER SERVICE ALBANY NY
254 AM EDT SAT APR 14 2018


...................................

...THE PITTSFIELD MA CLIMATE SUMMARY FOR APRIL 13 2018...

CLIMATE NORMAL PERIOD 1981 TO 2010
CLIMATE RECORD PERIOD 9999 TO 9999


WEATHER ITEM   OBSERVED TIME   NORMAL DEPARTURE LAST
                VALUE   (LST)  VALUE  FROM      YEAR
                                      NORMAL
......................................................
TEMPERATURE (F)
 YESTERDAY
  MAXIMUM         66    504 PM  54     12       54
  MINIMUM         42    515 AM  33      9       35
  AVERAGE         54            43     11       45

PRECIPITATION (IN)
  YESTERDAY        T             0.13  -0.13     0.00
  MONTH TO DATE    1.20          2.04  -0.84     2.05
  SINCE MAR 1      3.55          5.41  -1.86     5.16
  SINCE JAN 1     12.30         11.01   1.29    10.74

DEGREE DAYS
 HEATING
  YESTERDAY       11            22    -11       20
  MONTH TO DATE  394           318     76      263
  SINCE MAR 1   1427          1345     82     1394
  SINCE JUL 1   6269          6725   -456     6096

 COOLING
  YESTERDAY        0             0      0        0
  MONTH TO DATE    0             0      0        0
  SINCE MAR 1      0             0      0        0
  SINCE JAN 1      0             0      0        0
......................................................


WIND (MPH)
  HIGHEST WIND SPEED    15   HIGHEST WIND DIRECTION    SW (210)
  HIGHEST GUST SPEED    23   HIGHEST GUST DIRECTION    SW (210)
  AVERAGE WIND SPEED     3.3


SKY COVER
  AVERAGE SKY COVER 0.5



RELATIVE HUMIDITY (PERCENT)
 HIGHEST    82
 LOWEST     44
 AVERAGE    63

..........................................................


THE PITTSFIELD MA CLIMATE NORMALS FOR TODAY
                         NORMAL
 MAXIMUM TEMPERATURE (F)   54
 MINIMUM TEMPERATURE (F)   33


SUNRISE AND SUNSET
APRIL 14 2018.........SUNRISE   614 AM EDT   SUNSET   734 PM EDT
APRIL 15 2018.........SUNRISE   612 AM EDT   SUNSET   735 PM EDT


-  INDICATES NEGATIVE NUMBERS.
R  INDICATES RECORD WAS SET OR TIED.
MM INDICATES DATA IS MISSING.
T  INDICATES TRACE AMOUNT.




$$
