713
CDUS41 KALY 160623
CLIPSF


CLIMATE REPORT
NATIONAL WEATHER SERVICE ALBANY NY
222 AM EDT MON APR 16 2018


...................................

...THE PITTSFIELD MA CLIMATE SUMMARY FOR APRIL 15 2018...

CLIMATE NORMAL PERIOD 1981 TO 2010
CLIMATE RECORD PERIOD 9999 TO 9999


WEATHER ITEM   OBSERVED TIME   NORMAL DEPARTURE LAST
                VALUE   (LST)  VALUE  FROM      YEAR
                                      NORMAL
......................................................
TEMPERATURE (F)
 YESTERDAY
  MAXIMUM         34   1227 AM  54    -20       66
  MINIMUM         29   1114 PM  34     -5       29
  AVERAGE         32            44    -12       48

PRECIPITATION (IN)
  YESTERDAY        0.12          0.12   0.00      T
  MONTH TO DATE    1.32          2.29  -0.97     2.05
  SINCE MAR 1      3.67          5.66  -1.99     5.16
  SINCE JAN 1     12.42         11.26   1.16    10.74

DEGREE DAYS
 HEATING
  YESTERDAY       33            21     12       17
  MONTH TO DATE  445           360     85      300
  SINCE MAR 1   1478          1387     91     1431
  SINCE JUL 1   6320          6767   -447     6133

 COOLING
  YESTERDAY        0             0      0        0
  MONTH TO DATE    0             0      0        0
  SINCE MAR 1      0             0      0        0
  SINCE JAN 1      0             0      0        0
......................................................


WIND (MPH)
  HIGHEST WIND SPEED    20   HIGHEST WIND DIRECTION    NE (60)
  HIGHEST GUST SPEED    34   HIGHEST GUST DIRECTION    NE (60)
  AVERAGE WIND SPEED    11.1


SKY COVER
  AVERAGE SKY COVER 1.0



RELATIVE HUMIDITY (PERCENT)
 HIGHEST    85
 LOWEST     61
 AVERAGE    73

..........................................................


THE PITTSFIELD MA CLIMATE NORMALS FOR TODAY
                         NORMAL
 MAXIMUM TEMPERATURE (F)   55
 MINIMUM TEMPERATURE (F)   34


SUNRISE AND SUNSET
APRIL 16 2018.........SUNRISE   611 AM EDT   SUNSET   736 PM EDT
APRIL 17 2018.........SUNRISE   609 AM EDT   SUNSET   737 PM EDT


-  INDICATES NEGATIVE NUMBERS.
R  INDICATES RECORD WAS SET OR TIED.
MM INDICATES DATA IS MISSING.
T  INDICATES TRACE AMOUNT.




$$
