047
CDUS41 KALY 132050
CLIPSF


CLIMATE REPORT
NATIONAL WEATHER SERVICE ALBANY NY
450 PM EDT SUN MAY 13 2018


...................................

...THE PITTSFIELD MA CLIMATE SUMMARY FOR MAY 13 2018...
VALID TODAY AS OF 0400 PM LOCAL TIME.

CLIMATE NORMAL PERIOD 1981 TO 2010
CLIMATE RECORD PERIOD 9999 TO 9999


WEATHER ITEM   OBSERVED TIME   NORMAL DEPARTURE LAST
                VALUE   (LST)  VALUE  FROM      YEAR
                                      NORMAL
......................................................
TEMPERATURE (F)
 TODAY
  MAXIMUM         65    238 PM  66     -1       52
  MINIMUM         43    500 AM  42      1       38
  AVERAGE         54            54      0       45

PRECIPITATION (IN)
  TODAY            0.00          0.12  -0.12     1.18
  MONTH TO DATE    1.17          1.46  -0.29     4.22
  SINCE MAR 1      7.15          8.69  -1.54    10.62
  SINCE JAN 1     15.90         14.29   1.61    16.20

DEGREE DAYS
 HEATING
  TODAY           11            11      0       20
  MONTH TO DATE   92           170    -78      219
  SINCE MAR 1   1899          1825     74     1826
  SINCE JUL 1   6741          7205   -464     6528

 COOLING
  TODAY            0             0      0        0
  MONTH TO DATE   12             0     12        0
  SINCE MAR 1     12             2     10        2
  SINCE JAN 1     12             2     10        2
......................................................


WIND (MPH)
  HIGHEST WIND SPEED    17   HIGHEST WIND DIRECTION    SE (140)
  HIGHEST GUST SPEED    23   HIGHEST GUST DIRECTION    SE (130)
  AVERAGE WIND SPEED     5.1


SKY COVER
  AVERAGE SKY COVER 0.4



RELATIVE HUMIDITY (PERCENT)
 HIGHEST    96
 LOWEST     32
 AVERAGE    64

..........................................................


THE PITTSFIELD MA CLIMATE NORMALS FOR TOMORROW
                         NORMAL
 MAXIMUM TEMPERATURE (F)   66
 MINIMUM TEMPERATURE (F)   43


SUNRISE AND SUNSET
MAY 13 2018...........SUNRISE   534 AM EDT   SUNSET   806 PM EDT
MAY 14 2018...........SUNRISE   533 AM EDT   SUNSET   807 PM EDT


-  INDICATES NEGATIVE NUMBERS.
R  INDICATES RECORD WAS SET OR TIED.
MM INDICATES DATA IS MISSING.
T  INDICATES TRACE AMOUNT.




$$
