000
CDUS41 KALY 082056
CLIPSF


CLIMATE REPORT
NATIONAL WEATHER SERVICE ALBANY NY
455 PM EDT TUE MAY 8 2018


...................................

...THE PITTSFIELD MA CLIMATE SUMMARY FOR MAY 8 2018...
VALID TODAY AS OF 0400 PM LOCAL TIME.

CLIMATE NORMAL PERIOD 1981 TO 2010
CLIMATE RECORD PERIOD 9999 TO 9999


WEATHER ITEM   OBSERVED TIME   NORMAL DEPARTURE LAST
                VALUE   (LST)  VALUE  FROM      YEAR
                                      NORMAL
......................................................
TEMPERATURE (F)
 TODAY
  MAXIMUM         74    230 PM  64     10       44
  MINIMUM         40    516 AM  41     -1       34
  AVERAGE         57            52      5       39

PRECIPITATION (IN)
  TODAY            0.00          0.11  -0.11     0.03
  MONTH TO DATE    0.88          0.88   0.00     3.04
  SINCE MAR 1      6.86          8.11  -1.25     9.44
  SINCE JAN 1     15.61         13.71   1.90    15.02

DEGREE DAYS
 HEATING
  TODAY            8            13     -5       26
  MONTH TO DATE   41           111    -70      127
  SINCE MAR 1   1848          1766     82     1734
  SINCE JUL 1   6690          7146   -456     6436

 COOLING
  TODAY            0             0      0        0
  MONTH TO DATE   12             0     12        0
  SINCE MAR 1     12             2     10        2
  SINCE JAN 1     12             2     10        2
......................................................


WIND (MPH)
  HIGHEST WIND SPEED    13   HIGHEST WIND DIRECTION    SW (240)
  HIGHEST GUST SPEED    18   HIGHEST GUST DIRECTION    SW (240)
  AVERAGE WIND SPEED     2.9


SKY COVER
  AVERAGE SKY COVER 0.3



RELATIVE HUMIDITY (PERCENT)
 HIGHEST    92
 LOWEST     31
 AVERAGE    62

..........................................................


THE PITTSFIELD MA CLIMATE NORMALS FOR TOMORROW
                         NORMAL
 MAXIMUM TEMPERATURE (F)   64
 MINIMUM TEMPERATURE (F)   41


SUNRISE AND SUNSET
MAY  8 2018...........SUNRISE   539 AM EDT   SUNSET   801 PM EDT
MAY  9 2018...........SUNRISE   538 AM EDT   SUNSET   802 PM EDT


-  INDICATES NEGATIVE NUMBERS.
R  INDICATES RECORD WAS SET OR TIED.
MM INDICATES DATA IS MISSING.
T  INDICATES TRACE AMOUNT.




$$
