000
CDUS41 KALY 060623
CLIPSF


CLIMATE REPORT
NATIONAL WEATHER SERVICE ALBANY NY
222 AM EDT SUN MAY 6 2018


...................................

...THE PITTSFIELD MA CLIMATE SUMMARY FOR MAY 5 2018...

CLIMATE NORMAL PERIOD 1981 TO 2010
CLIMATE RECORD PERIOD 9999 TO 9999


WEATHER ITEM   OBSERVED TIME   NORMAL DEPARTURE LAST
                VALUE   (LST)  VALUE  FROM      YEAR
                                      NORMAL
......................................................
TEMPERATURE (F)
 YESTERDAY
  MAXIMUM         72    438 PM  63      9       49
  MINIMUM         47    451 AM  40      7       41
  AVERAGE         60            52      8       45

PRECIPITATION (IN)
  YESTERDAY        0.00          0.12  -0.12     1.16
  MONTH TO DATE    0.45          0.55  -0.10     2.44
  SINCE MAR 1      6.43          7.78  -1.35     8.84
  SINCE JAN 1     15.18         13.38   1.80    14.42

DEGREE DAYS
 HEATING
  YESTERDAY        5            14     -9       20
  MONTH TO DATE   15            72    -57       73
  SINCE MAR 1   1822          1727     95     1680
  SINCE JUL 1   6664          7107   -443     6382

 COOLING
  YESTERDAY        0             0      0        0
  MONTH TO DATE   12             0     12        0
  SINCE MAR 1     12             2     10        2
  SINCE JAN 1     12             2     10        2
......................................................


WIND (MPH)
  HIGHEST WIND SPEED    29   HIGHEST WIND DIRECTION     W (280)
  HIGHEST GUST SPEED    38   HIGHEST GUST DIRECTION     W (270)
  AVERAGE WIND SPEED     9.4


SKY COVER
  AVERAGE SKY COVER 0.2



RELATIVE HUMIDITY (PERCENT)
 HIGHEST    71
 LOWEST     27
 AVERAGE    49

..........................................................


THE PITTSFIELD MA CLIMATE NORMALS FOR TODAY
                         NORMAL
 MAXIMUM TEMPERATURE (F)   63
 MINIMUM TEMPERATURE (F)   40


SUNRISE AND SUNSET
MAY  6 2018...........SUNRISE   542 AM EDT   SUNSET   758 PM EDT
MAY  7 2018...........SUNRISE   541 AM EDT   SUNSET   800 PM EDT


-  INDICATES NEGATIVE NUMBERS.
R  INDICATES RECORD WAS SET OR TIED.
MM INDICATES DATA IS MISSING.
T  INDICATES TRACE AMOUNT.




$$
