000
CDUS41 KALY 040624
CLIPSF


CLIMATE REPORT
NATIONAL WEATHER SERVICE ALBANY NY
223 AM EDT WED APR 4 2018


...................................

...THE PITTSFIELD MA CLIMATE SUMMARY FOR APRIL 3 2018...

CLIMATE NORMAL PERIOD 1981 TO 2010
CLIMATE RECORD PERIOD 9999 TO 9999


WEATHER ITEM   OBSERVED TIME   NORMAL DEPARTURE LAST
                VALUE   (LST)  VALUE  FROM      YEAR
                                      NORMAL
......................................................
TEMPERATURE (F)
 YESTERDAY
  MAXIMUM         39   1120 AM  49    -10       59
  MINIMUM         25    244 AM  29     -4       27
  AVERAGE         32            39     -7       43

PRECIPITATION (IN)
  YESTERDAY        0.34          0.17   0.17      T
  MONTH TO DATE    0.43          0.51  -0.08     0.04
  SINCE MAR 1      2.78          3.88  -1.10     3.15
  SINCE JAN 1     11.53          9.48   2.05     8.73

DEGREE DAYS
 HEATING
  YESTERDAY       33            26      7       22
  MONTH TO DATE   93            80     13       75
  SINCE MAR 1   1126          1107     19     1206
  SINCE JUL 1   5968          6487   -519     5908

 COOLING
  YESTERDAY        0             0      0        0
  MONTH TO DATE    0             0      0        0
  SINCE MAR 1      0             0      0        0
  SINCE JAN 1      0             0      0        0
......................................................


WIND (MPH)
  HIGHEST WIND SPEED    16   HIGHEST WIND DIRECTION    SE (150)
  HIGHEST GUST SPEED    22   HIGHEST GUST DIRECTION    SE (140)
  AVERAGE WIND SPEED     3.5


SKY COVER
  AVERAGE SKY COVER 0.7



RELATIVE HUMIDITY (PERCENT)
 HIGHEST    92
 LOWEST     59
 AVERAGE    76

..........................................................


THE PITTSFIELD MA CLIMATE NORMALS FOR TODAY
                         NORMAL
 MAXIMUM TEMPERATURE (F)   49
 MINIMUM TEMPERATURE (F)   29


SUNRISE AND SUNSET
APRIL  4 2018.........SUNRISE   631 AM EDT   SUNSET   722 PM EDT
APRIL  5 2018.........SUNRISE   629 AM EDT   SUNSET   724 PM EDT


-  INDICATES NEGATIVE NUMBERS.
R  INDICATES RECORD WAS SET OR TIED.
MM INDICATES DATA IS MISSING.
T  INDICATES TRACE AMOUNT.




$$
