875
CXUS51 KALY 010917
CLMPSF


CLIMATE REPORT
NATIONAL WEATHER SERVICE ALBANY NY
415 AM EST THU FEB 1 2018

...................................

...THE PITTSFIELD MA CLIMATE SUMMARY FOR THE MONTH OF JANUARY 2018...

CLIMATE NORMAL PERIOD 1981 TO 2010
CLIMATE RECORD PERIOD 9999 TO 9999

WEATHER         OBSERVED          NORMAL  DEPART  LAST YEAR`S
                 VALUE   DATE(S)  VALUE   FROM    VALUE  DATE(S)
                                          NORMAL
................................................................
TEMPERATURE (F)
HIGHEST            61   01/12                         53  01/12
LOWEST            -10   01/07                         -4  01/09
AVG. MAXIMUM     31.1              28.9     2.2     34.3
AVG. MINIMUM     13.5              11.6     1.9     21.2
MEAN             22.3              20.2     2.1     27.7
DAYS MAX >= 90      0               0.0     0.0        0
DAYS MAX <= 32     18              19.2    -1.2       10
DAYS MIN <= 32     27              30.4    -3.4       27
DAYS MIN <= 0       6               6.0     0.0        1

PRECIPITATION (INCHES)
TOTALS           4.66R             2.92    1.74     2.72
DAILY AVG.       0.15              0.09    0.06     0.09
DAYS >= .01         9                                 13
DAYS >= .10         7                                  8
DAYS >= .50         2                                  1
DAYS >= 1.00        2                                  0
GREATEST
 24 HR. TOTAL    2.35   01/12 TO 01/12

DEGREE_DAYS
HEATING TOTAL    1316              1387     -71     1147
 SINCE 7/1       3903              4225    -322     3732
COOLING TOTAL       0                 0       0        0
 SINCE 1/1          0                 0       0        0

FREEZE DATES
EARLIEST                        10/04
LATEST                          05/07
.................................................................

WIND (MPH)
AVERAGE WIND SPEED              8.0
HIGHEST WIND SPEED/DIRECTION    38/300    DATE  01/05
HIGHEST GUST SPEED/DIRECTION    52/280    DATE  01/05

SKY COVER
AVERAGE SKY COVER           0.50

AVERAGE RH (PERCENT)     68

WEATHER CONDITIONS. NUMBER OF DAYS WITH
THUNDERSTORM              0     MIXED PRECIP               0
HEAVY RAIN                2     RAIN                       2
LIGHT RAIN                6     FREEZING RAIN              0
LT FREEZING RAIN          1     HAIL                       0
HEAVY SNOW                2     SNOW                       4
LIGHT SNOW               12     SLEET                      0
FOG                      12     FOG W/VIS <= 1/4 MILE      2
HAZE                     15

-  INDICATES NEGATIVE NUMBERS.
R  INDICATES RECORD WAS SET OR TIED.
MM INDICATES DATA IS MISSING.
T  INDICATES TRACE AMOUNT.

$$
