000
CXUS51 KALY 010715
CLSPSF
CLIMATE REPORT
NATIONAL WEATHER SERVICE ALBANY NY
315 AM EDT WED SEP 01 2021
...................................
...THE PITTSFIELD MA CLIMATE SUMMARY FOR THE SEASON, FROM
6/1/2021 TO 8/31/2021...
CLIMATE NORMAL PERIOD: 1991 TO 2020
CLIMATE RECORD PERIOD: 9999 TO 9999
WEATHER OBSERVED NORMAL DEPART LAST YEAR`S
VALUE DATE(S) VALUE FROM VALUE DATE(S)
NORMAL
................................................................
TEMPERATURE (F)
HIGHEST 90 06/28 93 07/19
06/29
LOWEST 41 06/17 37 06/01
06/14
AVG. MAXIMUM 78.0 77.2 0.8 80.9
AVG. MINIMUM 58.4 55.9 2.5 58.0
MEAN 68.2 66.5 1.7 69.4
DAYS MAX >= 90 2 2.4 -0.4 4
DAYS MAX <= 32 0 0.0 0.0 0
DAYS MIN <= 32 0 0.0 0.0 0
DAYS MIN <= 0 0 0.0 0.0 0
PRECIPITATION (INCHES)
TOTALS 18.64 12.58 6.06 9.64
DAILY AVG. 0.21 0.11
DAYS >= .01 38 35
DAYS >= .10 26 20
DAYS >= .50 15 6
DAYS >= 1.00 5 2
GREATEST
24 HR. TOTAL 2.09 07/14 TO 07/14
DEGREE DAYS
HEATING TOTAL 97 155 -58 87
SINCE 7/1 34 62 -28 25
COOLING TOTAL 407 297 110 515
SINCE 1/1 439 313 126 546
................................................................
WIND (MPH)
AVERAGE WIND SPEED 5.0
HIGHEST WIND SPEED/DIRECTION 32/290 DATE 08/12
HIGHEST GUST SPEED/DIRECTION 45/290 DATE 08/12
WEATHER CONDITIONS. NUMBER OF DAYS WITH
THUNDERSTORM 16 MIXED PRECIP 0
HEAVY RAIN 17 RAIN 25
LIGHT RAIN 41 FREEZING RAIN 0
LT FREEZING RAIN 0 HAIL 0
HEAVY SNOW 0 SNOW 0
LIGHT SNOW 0 SLEET 0
FOG 67 FOG W/VIS <= 1/4 MILE 23
HAZE 7
- INDICATES NEGATIVE NUMBERS.
R INDICATES RECORD WAS SET OR TIED.
MM INDICATES DATA IS MISSING.
T INDICATES TRACE AMOUNT.
$$