000
CXUS56 KSGX 011052
CLMPSP
CLIMATE REPORT
NATIONAL WEATHER SERVICE SAN DIEGO, CA
352 AM PDT FRI SEP 01 2023
...................................
...THE PALM SPRINGS INTL AIRPORT CA CLIMATE SUMMARY FOR THE MONTH OF AUGUST 2023...
CLIMATE NORMAL PERIOD: 1991 TO 2020
CLIMATE RECORD PERIOD: 1893 TO 2023
WEATHER OBSERVED NORMAL DEPART LAST YEAR`S
VALUE DATE(S) VALUE FROM VALUE DATE(S)
NORMAL
................................................................
TEMPERATURE (F)
RECORD
HIGH 122 08/24/1985
LOW 52 08/02/1976
08/30/1957
08/27/1954
HIGHEST 118 08/28 107 11 116 08/30
08/29
LOWEST 69 08/21 76 -7 74 08/27
AVG. MAXIMUM 107.8 108.1 -0.3 108.1
AVG. MINIMUM 80.8 79.8 1.0 85.8
MEAN 94.3 94.0 0.3 97.0
DAYS MAX >= 90 30 30.9 -0.9 31
DAYS MAX <= 32 0 0.0 0.0 0
DAYS MAX >= 45 31 31
DAYS MAX >= 120 0 0
DAYS MIN <= 32 0 0.0 0.0 0
PRECIPITATION (INCHES)
RECORD
MAXIMUM 4.32 1983
MINIMUM 0.00 2021
TOTALS 3.23 0.14 3.09 T
DAILY AVG. 0.10 0.00 0.10 T
DAYS >= .01 3 0.7 2.3 0
DAYS >= .10 1 0.3 0.7 0
DAYS >= .50 1 0.1 0.9 0
DAYS >= 1.00 1 0.0 1.0 0
DAYS >= %-5.2F 1 0
DAYS >= %-5.2F 0 0
GREATEST
24 HR. TOTAL 3.18 08/20 TO 08/20 T 08/04 TO 08/04
08/02 TO 08/02
08/04 TO 08/04
STORM TOTAL 3.18 0.00
(MM/DD(HH)) MM
DEGREE DAYS
HEATING TOTAL 0 0 0 0
SINCE 7/1 0 0 0 MM
COOLING TOTAL 915 897 18 998
SINCE 1/1 3293 3400 -107 MM
FREEZE DATES
RECORD
EARLIEST 10/24/1951
LATEST 03/13/1956
EARLIEST MM
LATEST MM
................................................................
WIND (MPH)
AVERAGE WIND SPEED 7.2
RESULTANT WIND SPEED/DIRECTION 3/330
HIGHEST WIND SPEED/DIRECTION 38/120 DATE 08/20
HIGHEST GUST SPEED/DIRECTION 48/120 DATE 08/20
SKY COVER
POSSIBLE SUNSHINE (PERCENT) MM
AVERAGE SKY COVER 0.06
NUMBER OF DAYS FAIR 29
NUMBER OF DAYS PC 1
NUMBER OF DAYS CLOUDY 1
AVERAGE RH (PERCENT) 32
WEATHER CONDITIONS. NUMBER OF DAYS WITH
THUNDERSTORM 6 MIXED PRECIP 0
HEAVY RAIN 1 RAIN 1
LIGHT RAIN 4 FREEZING RAIN 0
LT FREEZING RAIN 0 HAIL 0
HEAVY SNOW 0 SNOW 0
LIGHT SNOW 0 SLEET 0
FOG 2 FOG W/VIS <= 1/4 MILE 1
HAZE 3
- INDICATES NEGATIVE NUMBERS.
R INDICATES RECORD WAS SET OR TIED.
MM INDICATES DATA IS MISSING.
T INDICATES TRACE AMOUNT.
$$