000
CXUS54 KHGX 011410
CF6PSX
PRELIMINARY LOCAL CLIMATOLOGICAL DATA (WS FORM: F-6)
STATION: PALACIOS
MONTH: OCTOBER
YEAR: 2021
LATITUDE: 28 43 N
LONGITUDE: 96 15 W
TEMPERATURE IN F: :PCPN: SNOW: WIND :SUNSHINE: SKY :PK WND
================================================================================
1 2 3 4 5 6A 6B 7 8 9 10 11 12 13 14 15 16 17 18
12Z AVG MX 2MIN
DY MAX MIN AVG DEP HDD CDD WTR SNW DPTH SPD SPD DIR MIN PSBL S-S WX SPD DR
================================================================================
1 80 74 77 -1 0 12 0.99 0.0 0 6.1 18 200 M M 4 13 25 160
2 87 72 80 2 0 15 0.00 0.0 0 6.1 18 130 M M 3 12 22 130
3 90 73 82 4 0 17 0.07 0.0 0 4.2 14 40 M M 5 12 22 150
4 89 68 79 1 0 14 0.00 0.0 0 7.0 16 360 M M 0 18 22 360
5 89 63 76 -1 0 11 0.00 0.0 0 6.1 16 140 M M 0 18 24 150
6 88 65 77 0 0 12 0.00 0.0 0 4.5 17 290 M M 0 18 26 320
7 87 67 77 0 0 12 0.00 0.0 0 5.2 13 140 M M 1 18 18 140
8 85 65 75 -1 0 10 0.00 0.0 0 5.0 15 160 M M 0 18 19 180
9 85 67 76 0 0 11 0.00 0.0 0 7.7 12 150 M M 1 1 M M
10 88 79 84 8 0 19 T 0.0 0 14.8 22 160 M M 5 33 160
11 85 71 78 2 0 13 0.07 0.0 0 8.9 17 20 M M 6 1 25 50
12 88 81 85 10 0 20 0.00 0.0 0 13.6 25 140 M M 5 86 90
13 88 81 85 10 0 20 0.00 0.0 0 15.7 24 150 M M 2 32 130
14 84 73 79 4 0 14 3.26 0.0 0 9.5 23 110 M M 4 13 58 330
15 88 71 80 6 0 15 T 0.0 0 8.2 23 360 M M 4 13 35 300
16 76 57 67 -7 0 2 0.00 0.0 0 14.4 26 10 M M 2 33 10
17 77 51 64 -10 1 0 0.00 0.0 0 6.3 17 60 M M 0 22 40
18 78 53 66 -7 0 1 0.00 0.0 0 7.1 14 130 M M 0 19 110
19 83 60 72 -1 0 7 0.00 0.0 0 7.1 15 130 M M 3 20 120
20 87 67 77 4 0 12 0.00 0.0 0 4.0 12 200 M M 1 1 14 200
21 86 66 76 4 0 11 0.00 0.0 0 4.4 12 140 M M 5 12 16 20
22 85 67 76 4 0 11 0.00 0.0 0 6.1 14 120 M M 5 128 20 310
23 85 72 79 7 0 14 T 0.0 0 7.8 32 140 M M 2 3 43 150
24 86 72 79 7 0 14 0.00 0.0 0 5.8 14 180 M M 1 1 17 210
25 86 71 79 8 0 14 0.00 0.0 0 5.5 12 200 M M 3 12 14 200
26 85 77 81 10 0 16 0.00 0.0 0 12.0 22 130 M M 3 1 27 140
27 82 62 72 2 0 7 0.87 0.0 0 11.7 24 320 M M 5 138 29 290
28 80 57 69 -1 0 4 0.00 0.0 0 12.7 31 300 M M 1 40 310
29 75 52 64 -6 1 0 0.00 0.0 0 12.1 30 310 M M 0 35 310
30 77 45 61 -9 4 0 0.00 0.0 0 5.1 10 190 M M 0 8 15 230
31 80 55 68 -1 0 3 0.00 0.0 0 7.1 15 140 M M 0 19 150
================================================================================
SM 2609 2054 6 331 5.26 0.0 251.8 M 71
================================================================================
AV 84.2 66.3 8.1 FASTST M M 2 MAX(MPH)
MISC ----> 32 140 86 90
================================================================================
NOTES:
# LAST OF SEVERAL OCCURRENCES
COLUMN 17 PEAK WIND IN M.P.H.
PRELIMINARY LOCAL CLIMATOLOGICAL DATA (WS FORM: F-6) , PAGE 2
STATION: PALACIOS
MONTH: OCTOBER
YEAR: 2021
LATITUDE: 28 43 N
LONGITUDE: 96 15 W
[TEMPERATURE DATA] [PRECIPITATION DATA] SYMBOLS USED IN COLUMN 16
AVERAGE MONTHLY: 75.2 TOTAL FOR MONTH: 5.26 1 = FOG OR MIST
DPTR FM NORMAL: 1.3 DPTR FM NORMAL: 0.93 2 = FOG REDUCING VISIBILITY
HIGHEST: 90 ON 3 GRTST 24HR 3.26 ON 14-14 TO 1/4 MILE OR LESS
LOWEST: 45 ON 30 3 = THUNDER
SNOW, ICE PELLETS, HAIL 4 = ICE PELLETS
TOTAL MONTH: 0.0 INCH 5 = HAIL
GRTST 24HR 0.0 6 = FREEZING RAIN OR DRIZZLE
GRTST DEPTH: 0 7 = DUSTSTORM OR SANDSTORM:
VSBY 1/2 MILE OR LESS
8 = SMOKE OR HAZE
[NO. OF DAYS WITH] [WEATHER - DAYS WITH] 9 = BLOWING SNOW
X = TORNADO
MAX 32 OR BELOW: 0 0.01 INCH OR MORE: 5
MAX 90 OR ABOVE: 1 0.10 INCH OR MORE: 3
MIN 32 OR BELOW: 0 0.50 INCH OR MORE: 3
MIN 0 OR BELOW: 0 1.00 INCH OR MORE: 1
[HDD (BASE 65) ]
TOTAL THIS MO. 6 CLEAR (SCALE 0-3) 19
DPTR FM NORMAL -10 PTCLDY (SCALE 4-7) 12
TOTAL FM JUL 1 6 CLOUDY (SCALE 8-10) 0
DPTR FM NORMAL -8
[CDD (BASE 65) ]
TOTAL THIS MO. 331
DPTR FM NORMAL 39 [PRESSURE DATA]
TOTAL FM JAN 1 3217 HIGHEST SLP 30.32 ON 17
DPTR FM NORMAL -165 LOWEST SLP 29.58 ON 27
[REMARKS]
#FINAL-10-21#