000
CXUS54 KHGX 011603
CF6PSX
PRELIMINARY LOCAL CLIMATOLOGICAL DATA (WS FORM: F-6)
STATION: PALACIOS
MONTH: JANUARY
YEAR: 2021
LATITUDE: 28 43 N
LONGITUDE: 96 15 W
TEMPERATURE IN F: :PCPN: SNOW: WIND :SUNSHINE: SKY :PK WND
================================================================================
1 2 3 4 5 6A 6B 7 8 9 10 11 12 13 14 15 16 17 18
12Z AVG MX 2MIN
DY MAX MIN AVG DEP HDD CDD WTR SNW DPTH SPD SPD DIR MIN PSBL S-S WX SPD DR
================================================================================
1 55 39 47 -7 18 0 0.00 0.0 0 10.2 22 270 M M 3 29 270
2 59 38 49 -5 16 0 0.00 0.0 0 7.7 16 340 M M 0 23 350
3 65 42 54 0 11 0 0.00 0.0 0 7.2 14 180 M M 0 17 180
4 71 46 59 5 6 0 0.00 0.0 0 5.3 13 220 M M 3 12 29 90
5 68 51 60 6 5 0 0.00 0.0 0 9.5 17 110 M M 7 12 21 110
6 73 50 62 8 3 0 0.04 0.0 0 10.3 23 320 M M 6 1 29 170
7 62 44 53 -1 12 0 0.00 0.0 0 11.4 23 320 M M 0 29 330
8 57 38 48 -6 17 0 0.00 0.0 0 9.2 17 360 M M 0 22 350
9 58 35 47 -7 18 0 T 0.0 0 8.6 17 100 M M 3 22 60
10 49 37 43 -11 22 0 0.63 0.0 0 20.2 33 360 M M 10 1 40 360
11 47 34 41 -13 24 0 0.00 0.0 0 13.8 25 340 M M 6 30 350
12 46 30 38 -16 27 0 0.00 0.0 0 4.4 14 10 M M 8 1 16 20
13 55 33 44 -10 21 0 0.00 0.0 0 6.1 13 180 M M 1 1 16 180
14 68 38 53 -1 12 0 0.00 0.0 0 8.5 18 340 M M 1 12 23 350
15 62 35 49 -5 16 0 0.00 0.0 0 11.9 21 300 M M 0 27 290
16 61 37 49 -5 16 0 0.00 0.0 0 5.2 13 350 M M 9 8 15 330
17 70 36 53 -1 12 0 0.00 0.0 0 4.2 13 190 M M 6 16 300
18 71 44 58 4 7 0 T 0.0 0 11.0 21 150 M M 4 25 150
19 75 61 68 14 0 3 T 0.0 0 11.9 25 140 M M 9 30 150
20 72 59 66 12 0 1 0.00 0.0 0 9.4 15 130 M M 8 18 18 130
21 67 59 63 9 2 0 0.10 0.0 0 4.1 10 290 M M 10 1 14 210
22 75 63 69 15 0 4 0.01 0.0 0 5.4 12 90 M M 8 1 15 110
23 67 60 64 10 1 0 T 0.0 0 11.5 17 90 M M 9 1 21 90
24 75 63 69 15 0 4 0.00 0.0 0 14.8 25 140 M M 9 1 34 150
25 76 66 71 16 0 6 0.00 0.0 0 10.0 17 210 M M 8 18 26 220
26 80 63 72 17 0 7 0.00 0.0 0 10.0 23 90 M M 8 1 27 90
27 69 48 59 4 6 0 T 0.0 0 17.2 29 10 M M 4 12 40 360
28 62 38 50 -5 15 0 0.00 0.0 0 8.7 20 30 M M 0 23 30
29 67 43 55 0 10 0 0.00 0.0 0 10.7 20 100 M M 2 24 100
30 74 63 69 14 0 4 0.02 0.0 0 10.9 24 160 M M 9 18 30 170
31 72 50 61 6 4 0 0.00 0.0 0 14.4 28 350 M M 2 1 33 340
================================================================================
SM 2028 1443 301 29 0.80 0.0 303.7 M 153
================================================================================
AV 65.4 46.5 9.8 FASTST M M 5 MAX(MPH)
MISC ----> 33 360 # 40 360
================================================================================
NOTES:
# LAST OF SEVERAL OCCURRENCES
COLUMN 17 PEAK WIND IN M.P.H.
PRELIMINARY LOCAL CLIMATOLOGICAL DATA (WS FORM: F-6) , PAGE 2
STATION: PALACIOS
MONTH: JANUARY
YEAR: 2021
LATITUDE: 28 43 N
LONGITUDE: 96 15 W
[TEMPERATURE DATA] [PRECIPITATION DATA] SYMBOLS USED IN COLUMN 16
AVERAGE MONTHLY: 56.0 TOTAL FOR MONTH: 0.80 1 = FOG OR MIST
DPTR FM NORMAL: 1.7 DPTR FM NORMAL: -2.57 2 = FOG REDUCING VISIBILITY
HIGHEST: 80 ON 26 GRTST 24HR 1.24 ON 9-10 TO 1/4 MILE OR LESS
LOWEST: 30 ON 12 3 = THUNDER
SNOW, ICE PELLETS, HAIL 4 = ICE PELLETS
TOTAL MONTH: 0.0 INCH 5 = HAIL
GRTST 24HR 0.0 6 = FREEZING RAIN OR DRIZZLE
GRTST DEPTH: 0 7 = DUSTSTORM OR SANDSTORM:
VSBY 1/2 MILE OR LESS
8 = SMOKE OR HAZE
[NO. OF DAYS WITH] [WEATHER - DAYS WITH] 9 = BLOWING SNOW
X = TORNADO
MAX 32 OR BELOW: 0 0.01 INCH OR MORE: 5
MAX 90 OR ABOVE: 0 0.10 INCH OR MORE: 2
MIN 32 OR BELOW: 1 0.50 INCH OR MORE: 1
MIN 0 OR BELOW: 0 1.00 INCH OR MORE: 0
[HDD (BASE 65) ]
TOTAL THIS MO. 301 CLEAR (SCALE 0-3) 13
DPTR FM NORMAL -44 PTCLDY (SCALE 4-7) 10
TOTAL FM JUL 1 656 CLOUDY (SCALE 8-10) 8
DPTR FM NORMAL -140
[CDD (BASE 65) ]
TOTAL THIS MO. 29
DPTR FM NORMAL 17 [PRESSURE DATA]
TOTAL FM JAN 1 29 HIGHEST SLP 30.56 ON 28
DPTR FM NORMAL 17 LOWEST SLP 29.67 ON 25
[REMARKS]
#FINAL-01-21#