000
CXUS56 KOTX 011343
CLMPUW
CLIMATE REPORT
NATIONAL WEATHER SERVICE SPOKANE WA
643 AM PDT MON APR 01 2024
...................................
...THE PULLMAN_MOSCOW AIRPORT CLIMATE SUMMARY FOR THE MONTH OF MARCH 2024...
CLIMATE NORMAL PERIOD 1991 TO 2020
CLIMATE RECORD PERIOD 1893 TO 2024
WEATHER OBSERVED NORMAL DEPART LAST YEAR`S
VALUE DATE(S) VALUE FROM VALUE DATE(S)
NORMAL
................................................................
TEMPERATURE (F)
RECORD
HIGH 73 03/25/1960
03/20/1999
LOW -9 03/04/2019
HIGHEST 69 03/17 MM MM 58 03/19
03/18
LOWEST 22 03/06 MM MM 14 03/01
03/07
AVG. MAXIMUM 50.1 49.3 0.8 45.0
AVG. MINIMUM 30.7 32.9 -2.2 29.2
MEAN 40.4 41.1 -0.7 37.1
DAYS MAX >= 90 0 0.0 0.0 0
DAYS MAX <= 32 0 0.8 -0.8 0
DAYS MIN <= 32 19 15.9 3.1 23
DAYS MIN <= 0 0 0.2 -0.2 0
PRECIPITATION (INCHES)
RECORD
MAXIMUM 5.25 2017
MINIMUM 0.36 1926
TOTALS 1.55 1.95 -0.40 1.27
DAILY AVG. 0.05 0.06 -0.01 0.04
DAYS >= .01 15 13.5 1.5 14
DAYS >= .10 7 6.8 0.2 5
DAYS >= .50 0 0.6 -0.6 0
DAYS >= 1.00 0 0.0 0.0 0
GREATEST
24 HR. TOTAL 0.34 03/24 TO 03/24 0.29
DEGREE DAYS
HEATING TOTAL 754 741 13 859
SINCE 7/1 4932 5196 -264 MM
COOLING TOTAL 0 0 0 0
SINCE 1/1 0 0 0 MM
................................................................
WIND (MPH)
AVERAGE WIND SPEED 7.0
HIGHEST WIND SPEED/DIRECTION 26/250 DATE 03/21
HIGHEST GUST SPEED/DIRECTION 41/280 DATE 03/12
SKY COVER
POSSIBLE SUNSHINE (PERCENT) MM
AVERAGE SKY COVER 0.38
NUMBER OF DAYS FAIR 13
NUMBER OF DAYS PC 14
NUMBER OF DAYS CLOUDY 4
AVERAGE RH (PERCENT) 68
WEATHER CONDITIONS. NUMBER OF DAYS WITH
THUNDERSTORM 0 MIXED PRECIP 0
HEAVY RAIN 0 RAIN 4
LIGHT RAIN 15 FREEZING RAIN 0
LT FREEZING RAIN 0 HAIL 0
HEAVY SNOW 2 SNOW 2
LIGHT SNOW 5 SLEET 0
FOG 12 FOG W/VIS <= 1/4 MILE 2
HAZE 3
- INDICATES NEGATIVE NUMBERS.
R INDICATES RECORD WAS SET OR TIED.
MM INDICATES DATA IS MISSING.
T INDICATES TRACE AMOUNT.
$$