151
CDUS41 KBOX 172146
CLIPVD


CLIMATE REPORT
NATIONAL WEATHER SERVICE BOSTON/NORTON MA
546 PM EDT TUE APR 17 2018


...................................

...THE PROVIDENCE RI CLIMATE SUMMARY FOR APRIL 17 2018...
VALID TODAY AS OF 0500 PM LOCAL TIME.

CLIMATE NORMAL PERIOD 1981 TO 2010
CLIMATE RECORD PERIOD 1904 TO 2018


WEATHER ITEM   OBSERVED TIME   RECORD YEAR NORMAL DEPARTURE LAST
                VALUE   (LST)  VALUE       VALUE  FROM      YEAR
                                                  NORMAL
..................................................................
TEMPERATURE (F)
 TODAY
  MAXIMUM         51    100 PM  93    2002  59     -8       76
                                      1976
  MINIMUM         42    606 AM  23    1908  40      2       54
  AVERAGE         47                        50     -3       65

PRECIPITATION (IN)
  TODAY            T             2.33 1954   0.14  -0.14     0.00
  MONTH TO DATE    3.07                      2.65   0.42     3.87
  SINCE MAR 1      7.92                      7.66   0.26     7.72
  SINCE JAN 1     19.86                     14.81   5.05    14.90

SNOWFALL (IN)
  TODAY           MM             0.5  1935   0.0   MM        0.0
  MONTH TO DATE    3.6                       0.5    3.1       T
  SINCE MAR 1     16.7                       6.0   10.7      7.7
  SINCE JUL 1     50.6                      33.7   16.9     45.9
  SNOW DEPTH       0

DEGREE DAYS
 HEATING
  TODAY           18                        15      3        0
  MONTH TO DATE  377                       308     69      234
  SINCE MAR 1   1187                      1117     70     1154
  SINCE JUL 1   4850                      5179   -329     4712

 COOLING
  TODAY            0                         0      0        0
  MONTH TO DATE    0                         0      0        7
  SINCE MAR 1      0                         0      0        7
  SINCE JAN 1      0                         0      0        7
..................................................................


WIND (MPH)
  HIGHEST WIND SPEED    21   HIGHEST WIND DIRECTION     W (250)
  HIGHEST GUST SPEED    27   HIGHEST GUST DIRECTION     W (270)
  AVERAGE WIND SPEED    12.7


SKY COVER
  POSSIBLE SUNSHINE  MM
  AVERAGE SKY COVER 0.7


WEATHER CONDITIONS
 THE FOLLOWING WEATHER WAS RECORDED TODAY.
  LIGHT RAIN


RELATIVE HUMIDITY (PERCENT)
 HIGHEST   100          1200 AM
 LOWEST     50           400 PM
 AVERAGE    75

..........................................................


THE PROVIDENCE RI CLIMATE NORMALS FOR TOMORROW
                         NORMAL    RECORD    YEAR
 MAXIMUM TEMPERATURE (F)   60        86      1976
 MINIMUM TEMPERATURE (F)   41        27      1948


SUNRISE AND SUNSET
APRIL 17 2018.........SUNRISE   603 AM EDT   SUNSET   729 PM EDT
APRIL 18 2018.........SUNRISE   601 AM EDT   SUNSET   730 PM EDT


-  INDICATES NEGATIVE NUMBERS.
R  INDICATES RECORD WAS SET OR TIED.
MM INDICATES DATA IS MISSING.
T  INDICATES TRACE AMOUNT.




$$
