000
CDUS41 KBOX 160550
CLIPVD


CLIMATE REPORT
NATIONAL WEATHER SERVICE BOSTON/NORTON MA
139 AM EDT WED MAY 16 2018


...................................

...THE PROVIDENCE RI CLIMATE SUMMARY FOR MAY 15 2018...

CLIMATE NORMAL PERIOD 1981 TO 2010
CLIMATE RECORD PERIOD 1904 TO 2018


WEATHER ITEM   OBSERVED TIME   RECORD YEAR NORMAL DEPARTURE LAST
                VALUE   (LST)  VALUE       VALUE  FROM      YEAR
                                                  NORMAL
..................................................................
TEMPERATURE (F)
 YESTERDAY
  MAXIMUM         83    206 PM  87    2004  68     15       61
  MINIMUM         56    100 AM  36    1947  48      8       49
  AVERAGE         70                        58     12       55

PRECIPITATION (IN)
  YESTERDAY        0.58          1.53 1938   0.10   0.48     0.15
  MONTH TO DATE    0.86                      1.64  -0.78     4.98
  SINCE MAR 1     11.55                     11.01   0.54    15.93
  SINCE JAN 1     23.49                     18.16   5.33    23.11

SNOWFALL (IN)
  YESTERDAY        0.0           0.0  2002   0.0    0.0      0.0
                                      2001
                                      2000
  MONTH TO DATE    0.0                       0.0    0.0      0.0
  SINCE MAR 1     16.7                       6.1   10.6      7.7
  SINCE JUL 1     50.6                      33.8   16.8     45.9
  SNOW DEPTH       0

DEGREE DAYS
 HEATING
  YESTERDAY        0                         7     -7       10
  MONTH TO DATE   68                       139    -71      168
  SINCE MAR 1   1446                      1427     19     1471
  SINCE JUL 1   5109                      5489   -380     5029

 COOLING
  YESTERDAY        5                         1      4        0
  MONTH TO DATE   33                         2     31        1
  SINCE MAR 1     33                         4     29       18
  SINCE JAN 1     33                         4     29       18
..................................................................


WIND (MPH)
  RESULTANT WIND SPEED   6   RESULTANT WIND DIRECTION   S (190)
  HIGHEST WIND SPEED    30   HIGHEST WIND DIRECTION     W (260)
  HIGHEST GUST SPEED    40   HIGHEST GUST DIRECTION     W (260)
  AVERAGE WIND SPEED     9.3


SKY COVER
  POSSIBLE SUNSHINE  MM
  AVERAGE SKY COVER 0.7


WEATHER CONDITIONS
 THE FOLLOWING WEATHER WAS RECORDED YESTERDAY.
  THUNDERSTORM
  HEAVY RAIN
  RAIN
  LIGHT RAIN
  FOG


RELATIVE HUMIDITY (PERCENT)
 HIGHEST   100           300 AM
 LOWEST     55           200 PM
 AVERAGE    78

..........................................................


THE PROVIDENCE RI CLIMATE NORMALS FOR TODAY
                         NORMAL    RECORD    YEAR
 MAXIMUM TEMPERATURE (F)   68        89      1951
 MINIMUM TEMPERATURE (F)   49        35      1936


SUNRISE AND SUNSET
MAY 16 2018...........SUNRISE   525 AM EDT   SUNSET   800 PM EDT
MAY 17 2018...........SUNRISE   524 AM EDT   SUNSET   801 PM EDT


-  INDICATES NEGATIVE NUMBERS.
R  INDICATES RECORD WAS SET OR TIED.
MM INDICATES DATA IS MISSING.
T  INDICATES TRACE AMOUNT.




$$
